{"id":16656,"date":"2023-06-01T09:17:19","date_gmt":"2023-06-01T07:17:19","guid":{"rendered":"https:\/\/www.turismoaguarda.es\/?post_type=tribe_events&#038;p=16656"},"modified":"2023-06-01T09:24:14","modified_gmt":"2023-06-01T07:24:14","slug":"sostendo-o-futuro-actividades-medioambientais","status":"publish","type":"tribe_events","link":"https:\/\/www.turismoaguarda.es\/gl\/event\/sostendo-o-futuro-actividades-medioambientais\/","title":{"rendered":"Sostendo o Futuro, actividades medioambientais"},"content":{"rendered":"<p><strong>Luns, 5 de xu\u00f1o D\u00eda do Medio Ambiente: &#8220;Plogging&#8221;<\/strong><\/p>\n<ul>\n<li>O alumnado dos centro educativos participar\u00e1n na recollida de lixo por diferentes espazos da nosa contorna.<\/li>\n<\/ul>\n<p>&nbsp;<\/p>\n<p><strong>Venres, 23 de xu\u00f1o: Obradoiro \u201cAs abellas e as arom\u00e1ticas\u201d<\/strong><\/p>\n<ul>\n<li>Castelo de Santa Cruz \u00e1s 19:30h.<\/li>\n<li>Dirixido a nenos entre 3 e 12 anos cunha duraci\u00f3n de 2 horas.<\/li>\n<\/ul>\n<p>&nbsp;<\/p>\n<p><strong>Domingo, 9 de xullo: \u201cBa\u00f1os en natureza\u201d<\/strong><\/p>\n<ul>\n<li>Monte Santa Trega \u00e1s 18:30h.<\/li>\n<li>Dirixido a adultos e nenos cunha duraci\u00f3n de 1,5 horas.<\/li>\n<\/ul>\n<p>&nbsp;<\/p>\n<p><strong>Venres, 21 de xullo: \u201cBolboretas nocturnas\u201d<\/strong><\/p>\n<ul>\n<li>Xunqueira de Salcidos \u00e1s 21:15h.<\/li>\n<li>Dirixido a adultos e nenos cunha duraci\u00f3n de 3 a 4 horas.<\/li>\n<\/ul>\n","protected":false},"excerpt":{"rendered":"<p>Luns, 5 de xu\u00f1o D\u00eda do Medio Ambiente: &#8220;Plogging&#8221; O alumnado dos centro educativos participar\u00e1n na recollida de lixo por diferentes espazos da nosa contorna. &nbsp; Venres, 23 de xu\u00f1o: Obradoiro \u201cAs abellas e as arom\u00e1ticas\u201d Castelo de Santa Cruz \u00e1s 19:30h. Dirixido a nenos entre 3 e 12 anos cunha duraci\u00f3n de 2 horas.<\/p>\n<div class=\"padding-top text-center\"><a href=\"https:\/\/www.turismoaguarda.es\/gl\/event\/sostendo-o-futuro-actividades-medioambientais\/\" class=\"atbtn atbtn--medium atbtn--rounded atbtn--transparent\">Leer m\u00e1is<i class=\"atbtn__icon atbtn__icon--right fa fa-long-arrow-right\"><\/i><\/a><\/div>\n","protected":false},"author":7,"featured_media":16657,"template":"","meta":{"_tribe_events_status":"","_tribe_events_status_reason":"","footnotes":""},"tags":[],"tribe_events_cat":[1987],"class_list":["post-16656","tribe_events","type-tribe_events","status-publish","has-post-thumbnail","hentry","tribe_events_cat-medio-ambiente","cat_medio-ambiente"],"yoast_head":"<!-- This site is optimized with the Yoast SEO plugin v27.5 - https:\/\/yoast.com\/product\/yoast-seo-wordpress\/ -->\n<title>Sostendo o Futuro, actividades medioambientais | Turismo A Guarda<\/title>\n<meta name=\"robots\" content=\"index, follow, max-snippet:-1, max-image-preview:large, max-video-preview:-1\" \/>\n<link rel=\"canonical\" href=\"https:\/\/www.turismoaguarda.es\/gl\/event\/sostendo-o-futuro-actividades-medioambientais\/\" \/>\n<meta property=\"og:locale\" content=\"en_US\" \/>\n<meta property=\"og:type\" content=\"article\" \/>\n<meta property=\"og:title\" content=\"Sostendo o Futuro, actividades medioambientais | Turismo A Guarda\" \/>\n<meta property=\"og:description\" content=\"Luns, 5 de xu\u00f1o D\u00eda do Medio Ambiente: &#8220;Plogging&#8221; O alumnado dos centro educativos participar\u00e1n na recollida de lixo por diferentes espazos da nosa contorna. &nbsp; Venres, 23 de xu\u00f1o: Obradoiro \u201cAs abellas e as arom\u00e1ticas\u201d Castelo de Santa Cruz \u00e1s 19:30h. Dirixido a nenos entre 3 e 12 anos cunha duraci\u00f3n de 2 horas.Leer m\u00e1is\" \/>\n<meta property=\"og:url\" content=\"https:\/\/www.turismoaguarda.es\/gl\/event\/sostendo-o-futuro-actividades-medioambientais\/\" \/>\n<meta property=\"og:site_name\" content=\"Turismo A Guarda\" \/>\n<meta property=\"article:publisher\" content=\"https:\/\/es-es.facebook.com\/Turismo-A-Guarda-126223240790625\/\" \/>\n<meta property=\"article:modified_time\" content=\"2023-06-01T07:24:14+00:00\" \/>\n<meta property=\"og:image\" content=\"https:\/\/www.turismoaguarda.es\/wp-content\/uploads\/2023\/06\/CARTEL-sostendo-o-futuro-2023.jpg\" \/>\n\t<meta property=\"og:image:width\" content=\"800\" \/>\n\t<meta property=\"og:image:height\" content=\"1131\" \/>\n\t<meta property=\"og:image:type\" content=\"image\/jpeg\" \/>\n<meta name=\"twitter:card\" content=\"summary_large_image\" \/>\n<meta name=\"twitter:site\" content=\"@TurismoAGuarda\" \/>\n<meta name=\"twitter:label1\" content=\"Est. reading time\" \/>\n\t<meta name=\"twitter:data1\" content=\"1 minute\" \/>\n<script type=\"application\/ld+json\" class=\"yoast-schema-graph\">{\"@context\":\"https:\\\/\\\/schema.org\",\"@graph\":[{\"@type\":\"WebPage\",\"@id\":\"https:\\\/\\\/www.turismoaguarda.es\\\/gl\\\/event\\\/sostendo-o-futuro-actividades-medioambientais\\\/\",\"url\":\"https:\\\/\\\/www.turismoaguarda.es\\\/gl\\\/event\\\/sostendo-o-futuro-actividades-medioambientais\\\/\",\"name\":\"Sostendo o Futuro, actividades medioambientais | Turismo A Guarda\",\"isPartOf\":{\"@id\":\"https:\\\/\\\/www.turismoaguarda.es\\\/#website\"},\"primaryImageOfPage\":{\"@id\":\"https:\\\/\\\/www.turismoaguarda.es\\\/gl\\\/event\\\/sostendo-o-futuro-actividades-medioambientais\\\/#primaryimage\"},\"image\":{\"@id\":\"https:\\\/\\\/www.turismoaguarda.es\\\/gl\\\/event\\\/sostendo-o-futuro-actividades-medioambientais\\\/#primaryimage\"},\"thumbnailUrl\":\"https:\\\/\\\/www.turismoaguarda.es\\\/wp-content\\\/uploads\\\/2023\\\/06\\\/CARTEL-sostendo-o-futuro-2023.jpg\",\"datePublished\":\"2023-06-01T07:17:19+00:00\",\"dateModified\":\"2023-06-01T07:24:14+00:00\",\"breadcrumb\":{\"@id\":\"https:\\\/\\\/www.turismoaguarda.es\\\/gl\\\/event\\\/sostendo-o-futuro-actividades-medioambientais\\\/#breadcrumb\"},\"inLanguage\":\"gl\",\"potentialAction\":[{\"@type\":\"ReadAction\",\"target\":[\"https:\\\/\\\/www.turismoaguarda.es\\\/gl\\\/event\\\/sostendo-o-futuro-actividades-medioambientais\\\/\"]}]},{\"@type\":\"ImageObject\",\"inLanguage\":\"gl\",\"@id\":\"https:\\\/\\\/www.turismoaguarda.es\\\/gl\\\/event\\\/sostendo-o-futuro-actividades-medioambientais\\\/#primaryimage\",\"url\":\"https:\\\/\\\/www.turismoaguarda.es\\\/wp-content\\\/uploads\\\/2023\\\/06\\\/CARTEL-sostendo-o-futuro-2023.jpg\",\"contentUrl\":\"https:\\\/\\\/www.turismoaguarda.es\\\/wp-content\\\/uploads\\\/2023\\\/06\\\/CARTEL-sostendo-o-futuro-2023.jpg\",\"width\":800,\"height\":1131},{\"@type\":\"BreadcrumbList\",\"@id\":\"https:\\\/\\\/www.turismoaguarda.es\\\/gl\\\/event\\\/sostendo-o-futuro-actividades-medioambientais\\\/#breadcrumb\",\"itemListElement\":[{\"@type\":\"ListItem\",\"position\":1,\"name\":\"Portada\",\"item\":\"https:\\\/\\\/www.turismoaguarda.es\\\/gl\\\/\"},{\"@type\":\"ListItem\",\"position\":2,\"name\":\"Events\",\"item\":\"https:\\\/\\\/www.turismoaguarda.es\\\/en\\\/events\\\/\"},{\"@type\":\"ListItem\",\"position\":3,\"name\":\"Sostendo o Futuro, actividades medioambientais\"}]},{\"@type\":\"WebSite\",\"@id\":\"https:\\\/\\\/www.turismoaguarda.es\\\/#website\",\"url\":\"https:\\\/\\\/www.turismoaguarda.es\\\/\",\"name\":\"Turismo A Guarda\",\"description\":\"Informaci\u00f3n tur\u00edstica de A Guarda y alrededores.\",\"potentialAction\":[{\"@type\":\"SearchAction\",\"target\":{\"@type\":\"EntryPoint\",\"urlTemplate\":\"https:\\\/\\\/www.turismoaguarda.es\\\/?s={search_term_string}\"},\"query-input\":{\"@type\":\"PropertyValueSpecification\",\"valueRequired\":true,\"valueName\":\"search_term_string\"}}],\"inLanguage\":\"gl\"}]}<\/script>\n<!-- \/ Yoast SEO plugin. -->","yoast_head_json":{"title":"Sostendo o Futuro, actividades medioambientais | Turismo A Guarda","robots":{"index":"index","follow":"follow","max-snippet":"max-snippet:-1","max-image-preview":"max-image-preview:large","max-video-preview":"max-video-preview:-1"},"canonical":"https:\/\/www.turismoaguarda.es\/gl\/event\/sostendo-o-futuro-actividades-medioambientais\/","og_locale":"en_US","og_type":"article","og_title":"Sostendo o Futuro, actividades medioambientais | Turismo A Guarda","og_description":"Luns, 5 de xu\u00f1o D\u00eda do Medio Ambiente: &#8220;Plogging&#8221; O alumnado dos centro educativos participar\u00e1n na recollida de lixo por diferentes espazos da nosa contorna. &nbsp; Venres, 23 de xu\u00f1o: Obradoiro \u201cAs abellas e as arom\u00e1ticas\u201d Castelo de Santa Cruz \u00e1s 19:30h. Dirixido a nenos entre 3 e 12 anos cunha duraci\u00f3n de 2 horas.Leer m\u00e1is","og_url":"https:\/\/www.turismoaguarda.es\/gl\/event\/sostendo-o-futuro-actividades-medioambientais\/","og_site_name":"Turismo A Guarda","article_publisher":"https:\/\/es-es.facebook.com\/Turismo-A-Guarda-126223240790625\/","article_modified_time":"2023-06-01T07:24:14+00:00","og_image":[{"width":800,"height":1131,"url":"https:\/\/www.turismoaguarda.es\/wp-content\/uploads\/2023\/06\/CARTEL-sostendo-o-futuro-2023.jpg","type":"image\/jpeg"}],"twitter_card":"summary_large_image","twitter_site":"@TurismoAGuarda","twitter_misc":{"Est. reading time":"1 minute"},"schema":{"@context":"https:\/\/schema.org","@graph":[{"@type":"WebPage","@id":"https:\/\/www.turismoaguarda.es\/gl\/event\/sostendo-o-futuro-actividades-medioambientais\/","url":"https:\/\/www.turismoaguarda.es\/gl\/event\/sostendo-o-futuro-actividades-medioambientais\/","name":"Sostendo o Futuro, actividades medioambientais | Turismo A Guarda","isPartOf":{"@id":"https:\/\/www.turismoaguarda.es\/#website"},"primaryImageOfPage":{"@id":"https:\/\/www.turismoaguarda.es\/gl\/event\/sostendo-o-futuro-actividades-medioambientais\/#primaryimage"},"image":{"@id":"https:\/\/www.turismoaguarda.es\/gl\/event\/sostendo-o-futuro-actividades-medioambientais\/#primaryimage"},"thumbnailUrl":"https:\/\/www.turismoaguarda.es\/wp-content\/uploads\/2023\/06\/CARTEL-sostendo-o-futuro-2023.jpg","datePublished":"2023-06-01T07:17:19+00:00","dateModified":"2023-06-01T07:24:14+00:00","breadcrumb":{"@id":"https:\/\/www.turismoaguarda.es\/gl\/event\/sostendo-o-futuro-actividades-medioambientais\/#breadcrumb"},"inLanguage":"gl","potentialAction":[{"@type":"ReadAction","target":["https:\/\/www.turismoaguarda.es\/gl\/event\/sostendo-o-futuro-actividades-medioambientais\/"]}]},{"@type":"ImageObject","inLanguage":"gl","@id":"https:\/\/www.turismoaguarda.es\/gl\/event\/sostendo-o-futuro-actividades-medioambientais\/#primaryimage","url":"https:\/\/www.turismoaguarda.es\/wp-content\/uploads\/2023\/06\/CARTEL-sostendo-o-futuro-2023.jpg","contentUrl":"https:\/\/www.turismoaguarda.es\/wp-content\/uploads\/2023\/06\/CARTEL-sostendo-o-futuro-2023.jpg","width":800,"height":1131},{"@type":"BreadcrumbList","@id":"https:\/\/www.turismoaguarda.es\/gl\/event\/sostendo-o-futuro-actividades-medioambientais\/#breadcrumb","itemListElement":[{"@type":"ListItem","position":1,"name":"Portada","item":"https:\/\/www.turismoaguarda.es\/gl\/"},{"@type":"ListItem","position":2,"name":"Events","item":"https:\/\/www.turismoaguarda.es\/en\/events\/"},{"@type":"ListItem","position":3,"name":"Sostendo o Futuro, actividades medioambientais"}]},{"@type":"WebSite","@id":"https:\/\/www.turismoaguarda.es\/#website","url":"https:\/\/www.turismoaguarda.es\/","name":"Turismo A Guarda","description":"Informaci\u00f3n tur\u00edstica de A Guarda y alrededores.","potentialAction":[{"@type":"SearchAction","target":{"@type":"EntryPoint","urlTemplate":"https:\/\/www.turismoaguarda.es\/?s={search_term_string}"},"query-input":{"@type":"PropertyValueSpecification","valueRequired":true,"valueName":"search_term_string"}}],"inLanguage":"gl"}]}},"_links":{"self":[{"href":"https:\/\/www.turismoaguarda.es\/gl\/wp-json\/wp\/v2\/tribe_events\/16656","targetHints":{"allow":["GET"]}}],"collection":[{"href":"https:\/\/www.turismoaguarda.es\/gl\/wp-json\/wp\/v2\/tribe_events"}],"about":[{"href":"https:\/\/www.turismoaguarda.es\/gl\/wp-json\/wp\/v2\/types\/tribe_events"}],"author":[{"embeddable":true,"href":"https:\/\/www.turismoaguarda.es\/gl\/wp-json\/wp\/v2\/users\/7"}],"version-history":[{"count":1,"href":"https:\/\/www.turismoaguarda.es\/gl\/wp-json\/wp\/v2\/tribe_events\/16656\/revisions"}],"predecessor-version":[{"id":16660,"href":"https:\/\/www.turismoaguarda.es\/gl\/wp-json\/wp\/v2\/tribe_events\/16656\/revisions\/16660"}],"wp:featuredmedia":[{"embeddable":true,"href":"https:\/\/www.turismoaguarda.es\/gl\/wp-json\/wp\/v2\/media\/16657"}],"wp:attachment":[{"href":"https:\/\/www.turismoaguarda.es\/gl\/wp-json\/wp\/v2\/media?parent=16656"}],"wp:term":[{"taxonomy":"post_tag","embeddable":true,"href":"https:\/\/www.turismoaguarda.es\/gl\/wp-json\/wp\/v2\/tags?post=16656"},{"taxonomy":"tribe_events_cat","embeddable":true,"href":"https:\/\/www.turismoaguarda.es\/gl\/wp-json\/wp\/v2\/tribe_events_cat?post=16656"}],"curies":[{"name":"wp","href":"https:\/\/api.w.org\/{rel}","templated":true}]}}

<p><strong>Luns, 5 de xuño Día do Medio Ambiente: &#8220;Plogging&#8221;</strong></p>
<ul>
<li>O alumnado dos centro educativos participarán na recollida de lixo por diferentes espazos da nosa contorna.</li>
</ul>
<p>&nbsp;</p>
<p><strong>Venres, 23 de xuño: Obradoiro “As abellas e as aromáticas”</strong></p>
<ul>
<li>Castelo de Santa Cruz ás 19:30h.</li>
<li>Dirixido a nenos entre 3 e 12 anos cunha duración de 2 horas.</li>
</ul>
<p>&nbsp;</p>
<p><strong>Domingo, 9 de xullo: “Baños en natureza”</strong></p>
<ul>
<li>Monte Santa Trega ás 18:30h.</li>
<li>Dirixido a adultos e nenos cunha duración de 1,5 horas.</li>
</ul>
<p>&nbsp;</p>
<p><strong>Venres, 21 de xullo: “Bolboretas nocturnas”</strong></p>
<ul>
<li>Xunqueira de Salcidos ás 21:15h.</li>
<li>Dirixido a adultos e nenos cunha duración de 3 a 4 horas.</li>
</ul>

<p>Luns, 5 de xuño Día do Medio Ambiente: &#8220;Plogging&#8221; O alumnado dos centro educativos participarán na recollida de lixo por diferentes espazos da nosa contorna. &nbsp; Venres, 23 de xuño: Obradoiro “As abellas e as aromáticas” Castelo de Santa Cruz ás 19:30h. Dirixido a nenos entre 3 e 12 anos cunha duración de 2 horas.</p>
<div class="padding-top text-center"><a href="https://www.turismoaguarda.es/gl/event/sostendo-o-futuro-actividades-medioambientais/" class="atbtn atbtn--medium atbtn--rounded atbtn--transparent">Leer máis<i class="atbtn__icon atbtn__icon--right fa fa-long-arrow-right"></i></a></div>

<!-- This site is optimized with the Yoast SEO plugin v27.5 - https://yoast.com/product/yoast-seo-wordpress/ -->
<title>Sostendo o Futuro, actividades medioambientais | Turismo A Guarda</title>
<meta name="robots" content="index, follow, max-snippet:-1, max-image-preview:large, max-video-preview:-1" />
<link rel="canonical" href="https://www.turismoaguarda.es/gl/event/sostendo-o-futuro-actividades-medioambientais/" />
<meta property="og:locale" content="en_US" />
<meta property="og:type" content="article" />
<meta property="og:title" content="Sostendo o Futuro, actividades medioambientais | Turismo A Guarda" />
<meta property="og:description" content="Luns, 5 de xuño Día do Medio Ambiente: &#8220;Plogging&#8221; O alumnado dos centro educativos participarán na recollida de lixo por diferentes espazos da nosa contorna. &nbsp; Venres, 23 de xuño: Obradoiro “As abellas e as aromáticas” Castelo de Santa Cruz ás 19:30h. Dirixido a nenos entre 3 e 12 anos cunha duración de 2 horas.Leer máis" />
<meta property="og:url" content="https://www.turismoaguarda.es/gl/event/sostendo-o-futuro-actividades-medioambientais/" />
<meta property="og:site_name" content="Turismo A Guarda" />
<meta property="article:publisher" content="https://es-es.facebook.com/Turismo-A-Guarda-126223240790625/" />
<meta property="article:modified_time" content="2023-06-01T07:24:14+00:00" />
<meta property="og:image" content="https://www.turismoaguarda.es/wp-content/uploads/2023/06/CARTEL-sostendo-o-futuro-2023.jpg" />
	<meta property="og:image:width" content="800" />
	<meta property="og:image:height" content="1131" />
	<meta property="og:image:type" content="image/jpeg" />
<meta name="twitter:card" content="summary_large_image" />
<meta name="twitter:site" content="@TurismoAGuarda" />
<meta name="twitter:label1" content="Est. reading time" />
	<meta name="twitter:data1" content="1 minute" />
<script type="application/ld+json" class="yoast-schema-graph">{"@context":"https:\/\/schema.org","@graph":[{"@type":"WebPage","@id":"https:\/\/www.turismoaguarda.es\/gl\/event\/sostendo-o-futuro-actividades-medioambientais\/","url":"https:\/\/www.turismoaguarda.es\/gl\/event\/sostendo-o-futuro-actividades-medioambientais\/","name":"Sostendo o Futuro, actividades medioambientais | Turismo A Guarda","isPartOf":{"@id":"https:\/\/www.turismoaguarda.es\/#website"},"primaryImageOfPage":{"@id":"https:\/\/www.turismoaguarda.es\/gl\/event\/sostendo-o-futuro-actividades-medioambientais\/#primaryimage"},"image":{"@id":"https:\/\/www.turismoaguarda.es\/gl\/event\/sostendo-o-futuro-actividades-medioambientais\/#primaryimage"},"thumbnailUrl":"https:\/\/www.turismoaguarda.es\/wp-content\/uploads\/2023\/06\/CARTEL-sostendo-o-futuro-2023.jpg","datePublished":"2023-06-01T07:17:19+00:00","dateModified":"2023-06-01T07:24:14+00:00","breadcrumb":{"@id":"https:\/\/www.turismoaguarda.es\/gl\/event\/sostendo-o-futuro-actividades-medioambientais\/#breadcrumb"},"inLanguage":"gl","potentialAction":[{"@type":"ReadAction","target":["https:\/\/www.turismoaguarda.es\/gl\/event\/sostendo-o-futuro-actividades-medioambientais\/"]}]},{"@type":"ImageObject","inLanguage":"gl","@id":"https:\/\/www.turismoaguarda.es\/gl\/event\/sostendo-o-futuro-actividades-medioambientais\/#primaryimage","url":"https:\/\/www.turismoaguarda.es\/wp-content\/uploads\/2023\/06\/CARTEL-sostendo-o-futuro-2023.jpg","contentUrl":"https:\/\/www.turismoaguarda.es\/wp-content\/uploads\/2023\/06\/CARTEL-sostendo-o-futuro-2023.jpg","width":800,"height":1131},{"@type":"BreadcrumbList","@id":"https:\/\/www.turismoaguarda.es\/gl\/event\/sostendo-o-futuro-actividades-medioambientais\/#breadcrumb","itemListElement":[{"@type":"ListItem","position":1,"name":"Portada","item":"https:\/\/www.turismoaguarda.es\/gl\/"},{"@type":"ListItem","position":2,"name":"Events","item":"https:\/\/www.turismoaguarda.es\/en\/events\/"},{"@type":"ListItem","position":3,"name":"Sostendo o Futuro, actividades medioambientais"}]},{"@type":"WebSite","@id":"https:\/\/www.turismoaguarda.es\/#website","url":"https:\/\/www.turismoaguarda.es\/","name":"Turismo A Guarda","description":"Información turística de A Guarda y alrededores.","potentialAction":[{"@type":"SearchAction","target":{"@type":"EntryPoint","urlTemplate":"https:\/\/www.turismoaguarda.es\/?s={search_term_string}"},"query-input":{"@type":"PropertyValueSpecification","valueRequired":true,"valueName":"search_term_string"}}],"inLanguage":"gl"}]}</script>
<!-- / Yoast SEO plugin. -->

Luns, 5 de xuño Día do Medio Ambiente: &#8220;Plogging&#8221; O alumnado dos centro educativos participarán na recollida de lixo por diferentes espazos da nosa contorna. &nbsp; Venres, 23 de xuño: Obradoiro “As abellas e as aromáticas” Castelo de Santa Cruz ás 19:30h. Dirixido a nenos entre 3 e 12 anos cunha duración de 2 horas.Leer máis

Información turística de A Guarda y alrededores.
