{"id":16556,"date":"2023-04-21T13:01:21","date_gmt":"2023-04-21T11:01:21","guid":{"rendered":"https:\/\/www.turismoaguarda.es\/event\/degustacions-coa-campana-galicia-sabe-amar\/"},"modified":"2023-04-21T13:07:02","modified_gmt":"2023-04-21T11:07:02","slug":"degustacions-coa-campana-galicia-sabe-amar","status":"publish","type":"tribe_events","link":"https:\/\/www.turismoaguarda.es\/gl\/event\/degustacions-coa-campana-galicia-sabe-amar\/","title":{"rendered":"Degustaci\u00f3ns coa campa\u00f1a &#8220;Galicia sabe Amar&#8221;"},"content":{"rendered":"<p>Durante o venres e s\u00e1bado a furgoneta da Campa\u00f1a &#8220;Galicia sabe AMar&#8221; ofrecer\u00e1 degustaci\u00f3ns gratu\u00edtas de produtos do mar e da terra.<\/p>\n<p>Praza de Avelino Vicente.<\/p>\n<p>D\u00edas: venres 28 e s\u00e1bado 29 de abril.<\/p>\n<p>Horario: 11:30 a 14:00 e 16:30 a 20:00<\/p>\n<p>&nbsp;<\/p>\n","protected":false},"excerpt":{"rendered":"<p>Durante o venres e s\u00e1bado a furgoneta da Campa\u00f1a &#8220;Galicia sabe AMar&#8221; ofrecer\u00e1 degustaci\u00f3ns gratu\u00edtas de produtos do mar e da terra. Praza de Avelino Vicente. D\u00edas: venres 28 e s\u00e1bado 29 de abril. Horario: 11:30 a 14:00 e 16:30 a 20:00 &nbsp;<\/p>\n","protected":false},"author":7,"featured_media":16553,"template":"","meta":{"_tribe_events_status":"","_tribe_events_status_reason":"","footnotes":""},"tags":[],"tribe_events_cat":[1550],"class_list":["post-16556","tribe_events","type-tribe_events","status-publish","has-post-thumbnail","hentry","tribe_events_cat-culturales-gl","cat_culturales-gl"],"yoast_head":"<!-- This site is optimized with the Yoast SEO plugin v27.5 - https:\/\/yoast.com\/product\/yoast-seo-wordpress\/ -->\n<title>Degustaci\u00f3ns coa campa\u00f1a &quot;Galicia sabe Amar&quot; | Turismo A Guarda<\/title>\n<meta name=\"robots\" content=\"index, follow, max-snippet:-1, max-image-preview:large, max-video-preview:-1\" \/>\n<link rel=\"canonical\" href=\"https:\/\/www.turismoaguarda.es\/gl\/event\/degustacions-coa-campana-galicia-sabe-amar\/\" \/>\n<meta property=\"og:locale\" content=\"en_US\" \/>\n<meta property=\"og:type\" content=\"article\" \/>\n<meta property=\"og:title\" content=\"Degustaci\u00f3ns coa campa\u00f1a &quot;Galicia sabe Amar&quot; | Turismo A Guarda\" \/>\n<meta property=\"og:description\" content=\"Durante o venres e s\u00e1bado a furgoneta da Campa\u00f1a &#8220;Galicia sabe AMar&#8221; ofrecer\u00e1 degustaci\u00f3ns gratu\u00edtas de produtos do mar e da terra. Praza de Avelino Vicente. D\u00edas: venres 28 e s\u00e1bado 29 de abril. Horario: 11:30 a 14:00 e 16:30 a 20:00 &nbsp;\" \/>\n<meta property=\"og:url\" content=\"https:\/\/www.turismoaguarda.es\/gl\/event\/degustacions-coa-campana-galicia-sabe-amar\/\" \/>\n<meta property=\"og:site_name\" content=\"Turismo A Guarda\" \/>\n<meta property=\"article:publisher\" content=\"https:\/\/es-es.facebook.com\/Turismo-A-Guarda-126223240790625\/\" \/>\n<meta property=\"article:modified_time\" content=\"2023-04-21T11:07:02+00:00\" \/>\n<meta property=\"og:image\" content=\"https:\/\/www.turismoaguarda.es\/wp-content\/uploads\/2023\/04\/2.png\" \/>\n\t<meta property=\"og:image:width\" content=\"1080\" \/>\n\t<meta property=\"og:image:height\" content=\"1080\" \/>\n\t<meta property=\"og:image:type\" content=\"image\/png\" \/>\n<meta name=\"twitter:card\" content=\"summary_large_image\" \/>\n<meta name=\"twitter:site\" content=\"@TurismoAGuarda\" \/>\n<meta name=\"twitter:label1\" content=\"Est. reading time\" \/>\n\t<meta name=\"twitter:data1\" content=\"1 minute\" \/>\n<script type=\"application\/ld+json\" class=\"yoast-schema-graph\">{\"@context\":\"https:\\\/\\\/schema.org\",\"@graph\":[{\"@type\":\"WebPage\",\"@id\":\"https:\\\/\\\/www.turismoaguarda.es\\\/gl\\\/event\\\/degustacions-coa-campana-galicia-sabe-amar\\\/\",\"url\":\"https:\\\/\\\/www.turismoaguarda.es\\\/gl\\\/event\\\/degustacions-coa-campana-galicia-sabe-amar\\\/\",\"name\":\"Degustaci\u00f3ns coa campa\u00f1a \\\"Galicia sabe Amar\\\" | Turismo A Guarda\",\"isPartOf\":{\"@id\":\"https:\\\/\\\/www.turismoaguarda.es\\\/#website\"},\"primaryImageOfPage\":{\"@id\":\"https:\\\/\\\/www.turismoaguarda.es\\\/gl\\\/event\\\/degustacions-coa-campana-galicia-sabe-amar\\\/#primaryimage\"},\"image\":{\"@id\":\"https:\\\/\\\/www.turismoaguarda.es\\\/gl\\\/event\\\/degustacions-coa-campana-galicia-sabe-amar\\\/#primaryimage\"},\"thumbnailUrl\":\"https:\\\/\\\/www.turismoaguarda.es\\\/wp-content\\\/uploads\\\/2023\\\/04\\\/2.png\",\"datePublished\":\"2023-04-21T11:01:21+00:00\",\"dateModified\":\"2023-04-21T11:07:02+00:00\",\"breadcrumb\":{\"@id\":\"https:\\\/\\\/www.turismoaguarda.es\\\/gl\\\/event\\\/degustacions-coa-campana-galicia-sabe-amar\\\/#breadcrumb\"},\"inLanguage\":\"gl\",\"potentialAction\":[{\"@type\":\"ReadAction\",\"target\":[\"https:\\\/\\\/www.turismoaguarda.es\\\/gl\\\/event\\\/degustacions-coa-campana-galicia-sabe-amar\\\/\"]}]},{\"@type\":\"ImageObject\",\"inLanguage\":\"gl\",\"@id\":\"https:\\\/\\\/www.turismoaguarda.es\\\/gl\\\/event\\\/degustacions-coa-campana-galicia-sabe-amar\\\/#primaryimage\",\"url\":\"https:\\\/\\\/www.turismoaguarda.es\\\/wp-content\\\/uploads\\\/2023\\\/04\\\/2.png\",\"contentUrl\":\"https:\\\/\\\/www.turismoaguarda.es\\\/wp-content\\\/uploads\\\/2023\\\/04\\\/2.png\",\"width\":1080,\"height\":1080},{\"@type\":\"BreadcrumbList\",\"@id\":\"https:\\\/\\\/www.turismoaguarda.es\\\/gl\\\/event\\\/degustacions-coa-campana-galicia-sabe-amar\\\/#breadcrumb\",\"itemListElement\":[{\"@type\":\"ListItem\",\"position\":1,\"name\":\"Portada\",\"item\":\"https:\\\/\\\/www.turismoaguarda.es\\\/gl\\\/\"},{\"@type\":\"ListItem\",\"position\":2,\"name\":\"Events\",\"item\":\"https:\\\/\\\/www.turismoaguarda.es\\\/en\\\/events\\\/\"},{\"@type\":\"ListItem\",\"position\":3,\"name\":\"Degustaci\u00f3ns coa campa\u00f1a \u00abGalicia sabe Amar\u00bb\"}]},{\"@type\":\"WebSite\",\"@id\":\"https:\\\/\\\/www.turismoaguarda.es\\\/#website\",\"url\":\"https:\\\/\\\/www.turismoaguarda.es\\\/\",\"name\":\"Turismo A Guarda\",\"description\":\"Informaci\u00f3n tur\u00edstica de A Guarda y alrededores.\",\"potentialAction\":[{\"@type\":\"SearchAction\",\"target\":{\"@type\":\"EntryPoint\",\"urlTemplate\":\"https:\\\/\\\/www.turismoaguarda.es\\\/?s={search_term_string}\"},\"query-input\":{\"@type\":\"PropertyValueSpecification\",\"valueRequired\":true,\"valueName\":\"search_term_string\"}}],\"inLanguage\":\"gl\"}]}<\/script>\n<!-- \/ Yoast SEO plugin. -->","yoast_head_json":{"title":"Degustaci\u00f3ns coa campa\u00f1a \"Galicia sabe Amar\" | Turismo A Guarda","robots":{"index":"index","follow":"follow","max-snippet":"max-snippet:-1","max-image-preview":"max-image-preview:large","max-video-preview":"max-video-preview:-1"},"canonical":"https:\/\/www.turismoaguarda.es\/gl\/event\/degustacions-coa-campana-galicia-sabe-amar\/","og_locale":"en_US","og_type":"article","og_title":"Degustaci\u00f3ns coa campa\u00f1a \"Galicia sabe Amar\" | Turismo A Guarda","og_description":"Durante o venres e s\u00e1bado a furgoneta da Campa\u00f1a &#8220;Galicia sabe AMar&#8221; ofrecer\u00e1 degustaci\u00f3ns gratu\u00edtas de produtos do mar e da terra. Praza de Avelino Vicente. D\u00edas: venres 28 e s\u00e1bado 29 de abril. Horario: 11:30 a 14:00 e 16:30 a 20:00 &nbsp;","og_url":"https:\/\/www.turismoaguarda.es\/gl\/event\/degustacions-coa-campana-galicia-sabe-amar\/","og_site_name":"Turismo A Guarda","article_publisher":"https:\/\/es-es.facebook.com\/Turismo-A-Guarda-126223240790625\/","article_modified_time":"2023-04-21T11:07:02+00:00","og_image":[{"width":1080,"height":1080,"url":"https:\/\/www.turismoaguarda.es\/wp-content\/uploads\/2023\/04\/2.png","type":"image\/png"}],"twitter_card":"summary_large_image","twitter_site":"@TurismoAGuarda","twitter_misc":{"Est. reading time":"1 minute"},"schema":{"@context":"https:\/\/schema.org","@graph":[{"@type":"WebPage","@id":"https:\/\/www.turismoaguarda.es\/gl\/event\/degustacions-coa-campana-galicia-sabe-amar\/","url":"https:\/\/www.turismoaguarda.es\/gl\/event\/degustacions-coa-campana-galicia-sabe-amar\/","name":"Degustaci\u00f3ns coa campa\u00f1a \"Galicia sabe Amar\" | Turismo A Guarda","isPartOf":{"@id":"https:\/\/www.turismoaguarda.es\/#website"},"primaryImageOfPage":{"@id":"https:\/\/www.turismoaguarda.es\/gl\/event\/degustacions-coa-campana-galicia-sabe-amar\/#primaryimage"},"image":{"@id":"https:\/\/www.turismoaguarda.es\/gl\/event\/degustacions-coa-campana-galicia-sabe-amar\/#primaryimage"},"thumbnailUrl":"https:\/\/www.turismoaguarda.es\/wp-content\/uploads\/2023\/04\/2.png","datePublished":"2023-04-21T11:01:21+00:00","dateModified":"2023-04-21T11:07:02+00:00","breadcrumb":{"@id":"https:\/\/www.turismoaguarda.es\/gl\/event\/degustacions-coa-campana-galicia-sabe-amar\/#breadcrumb"},"inLanguage":"gl","potentialAction":[{"@type":"ReadAction","target":["https:\/\/www.turismoaguarda.es\/gl\/event\/degustacions-coa-campana-galicia-sabe-amar\/"]}]},{"@type":"ImageObject","inLanguage":"gl","@id":"https:\/\/www.turismoaguarda.es\/gl\/event\/degustacions-coa-campana-galicia-sabe-amar\/#primaryimage","url":"https:\/\/www.turismoaguarda.es\/wp-content\/uploads\/2023\/04\/2.png","contentUrl":"https:\/\/www.turismoaguarda.es\/wp-content\/uploads\/2023\/04\/2.png","width":1080,"height":1080},{"@type":"BreadcrumbList","@id":"https:\/\/www.turismoaguarda.es\/gl\/event\/degustacions-coa-campana-galicia-sabe-amar\/#breadcrumb","itemListElement":[{"@type":"ListItem","position":1,"name":"Portada","item":"https:\/\/www.turismoaguarda.es\/gl\/"},{"@type":"ListItem","position":2,"name":"Events","item":"https:\/\/www.turismoaguarda.es\/en\/events\/"},{"@type":"ListItem","position":3,"name":"Degustaci\u00f3ns coa campa\u00f1a \u00abGalicia sabe Amar\u00bb"}]},{"@type":"WebSite","@id":"https:\/\/www.turismoaguarda.es\/#website","url":"https:\/\/www.turismoaguarda.es\/","name":"Turismo A Guarda","description":"Informaci\u00f3n tur\u00edstica de A Guarda y alrededores.","potentialAction":[{"@type":"SearchAction","target":{"@type":"EntryPoint","urlTemplate":"https:\/\/www.turismoaguarda.es\/?s={search_term_string}"},"query-input":{"@type":"PropertyValueSpecification","valueRequired":true,"valueName":"search_term_string"}}],"inLanguage":"gl"}]}},"_links":{"self":[{"href":"https:\/\/www.turismoaguarda.es\/gl\/wp-json\/wp\/v2\/tribe_events\/16556","targetHints":{"allow":["GET"]}}],"collection":[{"href":"https:\/\/www.turismoaguarda.es\/gl\/wp-json\/wp\/v2\/tribe_events"}],"about":[{"href":"https:\/\/www.turismoaguarda.es\/gl\/wp-json\/wp\/v2\/types\/tribe_events"}],"author":[{"embeddable":true,"href":"https:\/\/www.turismoaguarda.es\/gl\/wp-json\/wp\/v2\/users\/7"}],"version-history":[{"count":2,"href":"https:\/\/www.turismoaguarda.es\/gl\/wp-json\/wp\/v2\/tribe_events\/16556\/revisions"}],"predecessor-version":[{"id":16559,"href":"https:\/\/www.turismoaguarda.es\/gl\/wp-json\/wp\/v2\/tribe_events\/16556\/revisions\/16559"}],"wp:featuredmedia":[{"embeddable":true,"href":"https:\/\/www.turismoaguarda.es\/gl\/wp-json\/wp\/v2\/media\/16553"}],"wp:attachment":[{"href":"https:\/\/www.turismoaguarda.es\/gl\/wp-json\/wp\/v2\/media?parent=16556"}],"wp:term":[{"taxonomy":"post_tag","embeddable":true,"href":"https:\/\/www.turismoaguarda.es\/gl\/wp-json\/wp\/v2\/tags?post=16556"},{"taxonomy":"tribe_events_cat","embeddable":true,"href":"https:\/\/www.turismoaguarda.es\/gl\/wp-json\/wp\/v2\/tribe_events_cat?post=16556"}],"curies":[{"name":"wp","href":"https:\/\/api.w.org\/{rel}","templated":true}]}}

Degustacións coa campaña &#8220;Galicia sabe Amar&#8221;

<p>Durante o venres e sábado a furgoneta da Campaña &#8220;Galicia sabe AMar&#8221; ofrecerá degustacións gratuítas de produtos do mar e da terra.</p>
<p>Praza de Avelino Vicente.</p>
<p>Días: venres 28 e sábado 29 de abril.</p>
<p>Horario: 11:30 a 14:00 e 16:30 a 20:00</p>
<p>&nbsp;</p>

<p>Durante o venres e sábado a furgoneta da Campaña &#8220;Galicia sabe AMar&#8221; ofrecerá degustacións gratuítas de produtos do mar e da terra. Praza de Avelino Vicente. Días: venres 28 e sábado 29 de abril. Horario: 11:30 a 14:00 e 16:30 a 20:00 &nbsp;</p>

<!-- This site is optimized with the Yoast SEO plugin v27.5 - https://yoast.com/product/yoast-seo-wordpress/ -->
<title>Degustacións coa campaña &quot;Galicia sabe Amar&quot; | Turismo A Guarda</title>
<meta name="robots" content="index, follow, max-snippet:-1, max-image-preview:large, max-video-preview:-1" />
<link rel="canonical" href="https://www.turismoaguarda.es/gl/event/degustacions-coa-campana-galicia-sabe-amar/" />
<meta property="og:locale" content="en_US" />
<meta property="og:type" content="article" />
<meta property="og:title" content="Degustacións coa campaña &quot;Galicia sabe Amar&quot; | Turismo A Guarda" />
<meta property="og:description" content="Durante o venres e sábado a furgoneta da Campaña &#8220;Galicia sabe AMar&#8221; ofrecerá degustacións gratuítas de produtos do mar e da terra. Praza de Avelino Vicente. Días: venres 28 e sábado 29 de abril. Horario: 11:30 a 14:00 e 16:30 a 20:00 &nbsp;" />
<meta property="og:url" content="https://www.turismoaguarda.es/gl/event/degustacions-coa-campana-galicia-sabe-amar/" />
<meta property="og:site_name" content="Turismo A Guarda" />
<meta property="article:publisher" content="https://es-es.facebook.com/Turismo-A-Guarda-126223240790625/" />
<meta property="article:modified_time" content="2023-04-21T11:07:02+00:00" />
<meta property="og:image" content="https://www.turismoaguarda.es/wp-content/uploads/2023/04/2.png" />
	<meta property="og:image:width" content="1080" />
	<meta property="og:image:height" content="1080" />
	<meta property="og:image:type" content="image/png" />
<meta name="twitter:card" content="summary_large_image" />
<meta name="twitter:site" content="@TurismoAGuarda" />
<meta name="twitter:label1" content="Est. reading time" />
	<meta name="twitter:data1" content="1 minute" />
<script type="application/ld+json" class="yoast-schema-graph">{"@context":"https:\/\/schema.org","@graph":[{"@type":"WebPage","@id":"https:\/\/www.turismoaguarda.es\/gl\/event\/degustacions-coa-campana-galicia-sabe-amar\/","url":"https:\/\/www.turismoaguarda.es\/gl\/event\/degustacions-coa-campana-galicia-sabe-amar\/","name":"Degustacións coa campaña \"Galicia sabe Amar\" | Turismo A Guarda","isPartOf":{"@id":"https:\/\/www.turismoaguarda.es\/#website"},"primaryImageOfPage":{"@id":"https:\/\/www.turismoaguarda.es\/gl\/event\/degustacions-coa-campana-galicia-sabe-amar\/#primaryimage"},"image":{"@id":"https:\/\/www.turismoaguarda.es\/gl\/event\/degustacions-coa-campana-galicia-sabe-amar\/#primaryimage"},"thumbnailUrl":"https:\/\/www.turismoaguarda.es\/wp-content\/uploads\/2023\/04\/2.png","datePublished":"2023-04-21T11:01:21+00:00","dateModified":"2023-04-21T11:07:02+00:00","breadcrumb":{"@id":"https:\/\/www.turismoaguarda.es\/gl\/event\/degustacions-coa-campana-galicia-sabe-amar\/#breadcrumb"},"inLanguage":"gl","potentialAction":[{"@type":"ReadAction","target":["https:\/\/www.turismoaguarda.es\/gl\/event\/degustacions-coa-campana-galicia-sabe-amar\/"]}]},{"@type":"ImageObject","inLanguage":"gl","@id":"https:\/\/www.turismoaguarda.es\/gl\/event\/degustacions-coa-campana-galicia-sabe-amar\/#primaryimage","url":"https:\/\/www.turismoaguarda.es\/wp-content\/uploads\/2023\/04\/2.png","contentUrl":"https:\/\/www.turismoaguarda.es\/wp-content\/uploads\/2023\/04\/2.png","width":1080,"height":1080},{"@type":"BreadcrumbList","@id":"https:\/\/www.turismoaguarda.es\/gl\/event\/degustacions-coa-campana-galicia-sabe-amar\/#breadcrumb","itemListElement":[{"@type":"ListItem","position":1,"name":"Portada","item":"https:\/\/www.turismoaguarda.es\/gl\/"},{"@type":"ListItem","position":2,"name":"Events","item":"https:\/\/www.turismoaguarda.es\/en\/events\/"},{"@type":"ListItem","position":3,"name":"Degustacións coa campaña «Galicia sabe Amar»"}]},{"@type":"WebSite","@id":"https:\/\/www.turismoaguarda.es\/#website","url":"https:\/\/www.turismoaguarda.es\/","name":"Turismo A Guarda","description":"Información turística de A Guarda y alrededores.","potentialAction":[{"@type":"SearchAction","target":{"@type":"EntryPoint","urlTemplate":"https:\/\/www.turismoaguarda.es\/?s={search_term_string}"},"query-input":{"@type":"PropertyValueSpecification","valueRequired":true,"valueName":"search_term_string"}}],"inLanguage":"gl"}]}</script>
<!-- / Yoast SEO plugin. -->

Degustacións coa campaña "Galicia sabe Amar" | Turismo A Guarda

Durante o venres e sábado a furgoneta da Campaña &#8220;Galicia sabe AMar&#8221; ofrecerá degustacións gratuítas de produtos do mar e da terra. Praza de Avelino Vicente. Días: venres 28 e sábado 29 de abril. Horario: 11:30 a 14:00 e 16:30 a 20:00 &nbsp;

Degustacións coa campaña «Galicia sabe Amar»

Información turística de A Guarda y alrededores.
