{"id":11998,"date":"2019-09-05T10:56:09","date_gmt":"2019-09-05T08:56:09","guid":{"rendered":"https:\/\/www.turismoaguarda.es\/?post_type=tribe_events&#038;p=11998"},"modified":"2019-09-05T11:06:53","modified_gmt":"2019-09-05T09:06:53","slug":"ii-concurso-degustacion-de-reposteria-e-tortillas","status":"publish","type":"tribe_events","link":"https:\/\/www.turismoaguarda.es\/gl\/event\/ii-concurso-degustacion-de-reposteria-e-tortillas\/","title":{"rendered":"II Concurso degustaci\u00f3n de reposter\u00eda e tortillas e Ser\u00e1n na G\u00e1ndara"},"content":{"rendered":"<p>Pola tarde na Praza dos Seixi\u00f1os<\/p>\n<p>Ser\u00e1n a partir das 21:00 hrs. na Praza dos Seixi\u00f1os<\/p>\n<p>Organiza: A.V. O Percamino<\/p>\n<p>Colabora: Concello da Guarda<\/p>\n","protected":false},"excerpt":{"rendered":"<p>Pola tarde na Praza dos Seixi\u00f1os Ser\u00e1n a partir das 21:00 hrs. na Praza dos Seixi\u00f1os Organiza: A.V. O Percamino Colabora: Concello da Guarda<\/p>\n","protected":false},"author":15,"featured_media":0,"template":"","meta":{"_tribe_events_status":"","_tribe_events_status_reason":"","footnotes":""},"tags":[],"tribe_events_cat":[1554],"class_list":["post-11998","tribe_events","type-tribe_events","status-publish","hentry","tribe_events_cat-festas","cat_festas"],"yoast_head":"<!-- This site is optimized with the Yoast SEO plugin v27.5 - https:\/\/yoast.com\/product\/yoast-seo-wordpress\/ -->\n<title>II Concurso degustaci\u00f3n de reposter\u00eda e tortillas e Ser\u00e1n na G\u00e1ndara | Turismo A Guarda<\/title>\n<meta name=\"robots\" content=\"index, follow, max-snippet:-1, max-image-preview:large, max-video-preview:-1\" \/>\n<link rel=\"canonical\" href=\"https:\/\/www.turismoaguarda.es\/gl\/event\/ii-concurso-degustacion-de-reposteria-e-tortillas\/\" \/>\n<meta property=\"og:locale\" content=\"en_US\" \/>\n<meta property=\"og:type\" content=\"article\" \/>\n<meta property=\"og:title\" content=\"II Concurso degustaci\u00f3n de reposter\u00eda e tortillas e Ser\u00e1n na G\u00e1ndara | Turismo A Guarda\" \/>\n<meta property=\"og:description\" content=\"Pola tarde na Praza dos Seixi\u00f1os Ser\u00e1n a partir das 21:00 hrs. na Praza dos Seixi\u00f1os Organiza: A.V. O Percamino Colabora: Concello da Guarda\" \/>\n<meta property=\"og:url\" content=\"https:\/\/www.turismoaguarda.es\/gl\/event\/ii-concurso-degustacion-de-reposteria-e-tortillas\/\" \/>\n<meta property=\"og:site_name\" content=\"Turismo A Guarda\" \/>\n<meta property=\"article:publisher\" content=\"https:\/\/es-es.facebook.com\/Turismo-A-Guarda-126223240790625\/\" \/>\n<meta property=\"article:modified_time\" content=\"2019-09-05T09:06:53+00:00\" \/>\n<meta name=\"twitter:card\" content=\"summary_large_image\" \/>\n<meta name=\"twitter:site\" content=\"@TurismoAGuarda\" \/>\n<script type=\"application\/ld+json\" class=\"yoast-schema-graph\">{\"@context\":\"https:\\\/\\\/schema.org\",\"@graph\":[{\"@type\":\"WebPage\",\"@id\":\"https:\\\/\\\/www.turismoaguarda.es\\\/gl\\\/event\\\/ii-concurso-degustacion-de-reposteria-e-tortillas\\\/\",\"url\":\"https:\\\/\\\/www.turismoaguarda.es\\\/gl\\\/event\\\/ii-concurso-degustacion-de-reposteria-e-tortillas\\\/\",\"name\":\"II Concurso degustaci\u00f3n de reposter\u00eda e tortillas e Ser\u00e1n na G\u00e1ndara | Turismo A Guarda\",\"isPartOf\":{\"@id\":\"https:\\\/\\\/www.turismoaguarda.es\\\/#website\"},\"datePublished\":\"2019-09-05T08:56:09+00:00\",\"dateModified\":\"2019-09-05T09:06:53+00:00\",\"breadcrumb\":{\"@id\":\"https:\\\/\\\/www.turismoaguarda.es\\\/gl\\\/event\\\/ii-concurso-degustacion-de-reposteria-e-tortillas\\\/#breadcrumb\"},\"inLanguage\":\"gl\",\"potentialAction\":[{\"@type\":\"ReadAction\",\"target\":[\"https:\\\/\\\/www.turismoaguarda.es\\\/gl\\\/event\\\/ii-concurso-degustacion-de-reposteria-e-tortillas\\\/\"]}]},{\"@type\":\"BreadcrumbList\",\"@id\":\"https:\\\/\\\/www.turismoaguarda.es\\\/gl\\\/event\\\/ii-concurso-degustacion-de-reposteria-e-tortillas\\\/#breadcrumb\",\"itemListElement\":[{\"@type\":\"ListItem\",\"position\":1,\"name\":\"Portada\",\"item\":\"https:\\\/\\\/www.turismoaguarda.es\\\/gl\\\/\"},{\"@type\":\"ListItem\",\"position\":2,\"name\":\"Events\",\"item\":\"https:\\\/\\\/www.turismoaguarda.es\\\/en\\\/events\\\/\"},{\"@type\":\"ListItem\",\"position\":3,\"name\":\"II Concurso degustaci\u00f3n de reposter\u00eda e tortillas e Ser\u00e1n na G\u00e1ndara\"}]},{\"@type\":\"WebSite\",\"@id\":\"https:\\\/\\\/www.turismoaguarda.es\\\/#website\",\"url\":\"https:\\\/\\\/www.turismoaguarda.es\\\/\",\"name\":\"Turismo A Guarda\",\"description\":\"Informaci\u00f3n tur\u00edstica de A Guarda y alrededores.\",\"potentialAction\":[{\"@type\":\"SearchAction\",\"target\":{\"@type\":\"EntryPoint\",\"urlTemplate\":\"https:\\\/\\\/www.turismoaguarda.es\\\/?s={search_term_string}\"},\"query-input\":{\"@type\":\"PropertyValueSpecification\",\"valueRequired\":true,\"valueName\":\"search_term_string\"}}],\"inLanguage\":\"gl\"}]}<\/script>\n<!-- \/ Yoast SEO plugin. -->","yoast_head_json":{"title":"II Concurso degustaci\u00f3n de reposter\u00eda e tortillas e Ser\u00e1n na G\u00e1ndara | Turismo A Guarda","robots":{"index":"index","follow":"follow","max-snippet":"max-snippet:-1","max-image-preview":"max-image-preview:large","max-video-preview":"max-video-preview:-1"},"canonical":"https:\/\/www.turismoaguarda.es\/gl\/event\/ii-concurso-degustacion-de-reposteria-e-tortillas\/","og_locale":"en_US","og_type":"article","og_title":"II Concurso degustaci\u00f3n de reposter\u00eda e tortillas e Ser\u00e1n na G\u00e1ndara | Turismo A Guarda","og_description":"Pola tarde na Praza dos Seixi\u00f1os Ser\u00e1n a partir das 21:00 hrs. na Praza dos Seixi\u00f1os Organiza: A.V. O Percamino Colabora: Concello da Guarda","og_url":"https:\/\/www.turismoaguarda.es\/gl\/event\/ii-concurso-degustacion-de-reposteria-e-tortillas\/","og_site_name":"Turismo A Guarda","article_publisher":"https:\/\/es-es.facebook.com\/Turismo-A-Guarda-126223240790625\/","article_modified_time":"2019-09-05T09:06:53+00:00","twitter_card":"summary_large_image","twitter_site":"@TurismoAGuarda","schema":{"@context":"https:\/\/schema.org","@graph":[{"@type":"WebPage","@id":"https:\/\/www.turismoaguarda.es\/gl\/event\/ii-concurso-degustacion-de-reposteria-e-tortillas\/","url":"https:\/\/www.turismoaguarda.es\/gl\/event\/ii-concurso-degustacion-de-reposteria-e-tortillas\/","name":"II Concurso degustaci\u00f3n de reposter\u00eda e tortillas e Ser\u00e1n na G\u00e1ndara | Turismo A Guarda","isPartOf":{"@id":"https:\/\/www.turismoaguarda.es\/#website"},"datePublished":"2019-09-05T08:56:09+00:00","dateModified":"2019-09-05T09:06:53+00:00","breadcrumb":{"@id":"https:\/\/www.turismoaguarda.es\/gl\/event\/ii-concurso-degustacion-de-reposteria-e-tortillas\/#breadcrumb"},"inLanguage":"gl","potentialAction":[{"@type":"ReadAction","target":["https:\/\/www.turismoaguarda.es\/gl\/event\/ii-concurso-degustacion-de-reposteria-e-tortillas\/"]}]},{"@type":"BreadcrumbList","@id":"https:\/\/www.turismoaguarda.es\/gl\/event\/ii-concurso-degustacion-de-reposteria-e-tortillas\/#breadcrumb","itemListElement":[{"@type":"ListItem","position":1,"name":"Portada","item":"https:\/\/www.turismoaguarda.es\/gl\/"},{"@type":"ListItem","position":2,"name":"Events","item":"https:\/\/www.turismoaguarda.es\/en\/events\/"},{"@type":"ListItem","position":3,"name":"II Concurso degustaci\u00f3n de reposter\u00eda e tortillas e Ser\u00e1n na G\u00e1ndara"}]},{"@type":"WebSite","@id":"https:\/\/www.turismoaguarda.es\/#website","url":"https:\/\/www.turismoaguarda.es\/","name":"Turismo A Guarda","description":"Informaci\u00f3n tur\u00edstica de A Guarda y alrededores.","potentialAction":[{"@type":"SearchAction","target":{"@type":"EntryPoint","urlTemplate":"https:\/\/www.turismoaguarda.es\/?s={search_term_string}"},"query-input":{"@type":"PropertyValueSpecification","valueRequired":true,"valueName":"search_term_string"}}],"inLanguage":"gl"}]}},"_links":{"self":[{"href":"https:\/\/www.turismoaguarda.es\/gl\/wp-json\/wp\/v2\/tribe_events\/11998","targetHints":{"allow":["GET"]}}],"collection":[{"href":"https:\/\/www.turismoaguarda.es\/gl\/wp-json\/wp\/v2\/tribe_events"}],"about":[{"href":"https:\/\/www.turismoaguarda.es\/gl\/wp-json\/wp\/v2\/types\/tribe_events"}],"author":[{"embeddable":true,"href":"https:\/\/www.turismoaguarda.es\/gl\/wp-json\/wp\/v2\/users\/15"}],"version-history":[{"count":3,"href":"https:\/\/www.turismoaguarda.es\/gl\/wp-json\/wp\/v2\/tribe_events\/11998\/revisions"}],"predecessor-version":[{"id":12003,"href":"https:\/\/www.turismoaguarda.es\/gl\/wp-json\/wp\/v2\/tribe_events\/11998\/revisions\/12003"}],"wp:attachment":[{"href":"https:\/\/www.turismoaguarda.es\/gl\/wp-json\/wp\/v2\/media?parent=11998"}],"wp:term":[{"taxonomy":"post_tag","embeddable":true,"href":"https:\/\/www.turismoaguarda.es\/gl\/wp-json\/wp\/v2\/tags?post=11998"},{"taxonomy":"tribe_events_cat","embeddable":true,"href":"https:\/\/www.turismoaguarda.es\/gl\/wp-json\/wp\/v2\/tribe_events_cat?post=11998"}],"curies":[{"name":"wp","href":"https:\/\/api.w.org\/{rel}","templated":true}]}}

II Concurso degustación de repostería e tortillas e Serán na Gándara

<p>Pola tarde na Praza dos Seixiños</p>
<p>Serán a partir das 21:00 hrs. na Praza dos Seixiños</p>
<p>Organiza: A.V. O Percamino</p>
<p>Colabora: Concello da Guarda</p>

<p>Pola tarde na Praza dos Seixiños Serán a partir das 21:00 hrs. na Praza dos Seixiños Organiza: A.V. O Percamino Colabora: Concello da Guarda</p>

<!-- This site is optimized with the Yoast SEO plugin v27.5 - https://yoast.com/product/yoast-seo-wordpress/ -->
<title>II Concurso degustación de repostería e tortillas e Serán na Gándara | Turismo A Guarda</title>
<meta name="robots" content="index, follow, max-snippet:-1, max-image-preview:large, max-video-preview:-1" />
<link rel="canonical" href="https://www.turismoaguarda.es/gl/event/ii-concurso-degustacion-de-reposteria-e-tortillas/" />
<meta property="og:locale" content="en_US" />
<meta property="og:type" content="article" />
<meta property="og:title" content="II Concurso degustación de repostería e tortillas e Serán na Gándara | Turismo A Guarda" />
<meta property="og:description" content="Pola tarde na Praza dos Seixiños Serán a partir das 21:00 hrs. na Praza dos Seixiños Organiza: A.V. O Percamino Colabora: Concello da Guarda" />
<meta property="og:url" content="https://www.turismoaguarda.es/gl/event/ii-concurso-degustacion-de-reposteria-e-tortillas/" />
<meta property="og:site_name" content="Turismo A Guarda" />
<meta property="article:publisher" content="https://es-es.facebook.com/Turismo-A-Guarda-126223240790625/" />
<meta property="article:modified_time" content="2019-09-05T09:06:53+00:00" />
<meta name="twitter:card" content="summary_large_image" />
<meta name="twitter:site" content="@TurismoAGuarda" />
<script type="application/ld+json" class="yoast-schema-graph">{"@context":"https:\/\/schema.org","@graph":[{"@type":"WebPage","@id":"https:\/\/www.turismoaguarda.es\/gl\/event\/ii-concurso-degustacion-de-reposteria-e-tortillas\/","url":"https:\/\/www.turismoaguarda.es\/gl\/event\/ii-concurso-degustacion-de-reposteria-e-tortillas\/","name":"II Concurso degustación de repostería e tortillas e Serán na Gándara | Turismo A Guarda","isPartOf":{"@id":"https:\/\/www.turismoaguarda.es\/#website"},"datePublished":"2019-09-05T08:56:09+00:00","dateModified":"2019-09-05T09:06:53+00:00","breadcrumb":{"@id":"https:\/\/www.turismoaguarda.es\/gl\/event\/ii-concurso-degustacion-de-reposteria-e-tortillas\/#breadcrumb"},"inLanguage":"gl","potentialAction":[{"@type":"ReadAction","target":["https:\/\/www.turismoaguarda.es\/gl\/event\/ii-concurso-degustacion-de-reposteria-e-tortillas\/"]}]},{"@type":"BreadcrumbList","@id":"https:\/\/www.turismoaguarda.es\/gl\/event\/ii-concurso-degustacion-de-reposteria-e-tortillas\/#breadcrumb","itemListElement":[{"@type":"ListItem","position":1,"name":"Portada","item":"https:\/\/www.turismoaguarda.es\/gl\/"},{"@type":"ListItem","position":2,"name":"Events","item":"https:\/\/www.turismoaguarda.es\/en\/events\/"},{"@type":"ListItem","position":3,"name":"II Concurso degustación de repostería e tortillas e Serán na Gándara"}]},{"@type":"WebSite","@id":"https:\/\/www.turismoaguarda.es\/#website","url":"https:\/\/www.turismoaguarda.es\/","name":"Turismo A Guarda","description":"Información turística de A Guarda y alrededores.","potentialAction":[{"@type":"SearchAction","target":{"@type":"EntryPoint","urlTemplate":"https:\/\/www.turismoaguarda.es\/?s={search_term_string}"},"query-input":{"@type":"PropertyValueSpecification","valueRequired":true,"valueName":"search_term_string"}}],"inLanguage":"gl"}]}</script>
<!-- / Yoast SEO plugin. -->

II Concurso degustación de repostería e tortillas e Serán na Gándara | Turismo A Guarda

Pola tarde na Praza dos Seixiños Serán a partir das 21:00 hrs. na Praza dos Seixiños Organiza: A.V. O Percamino Colabora: Concello da Guarda

Información turística de A Guarda y alrededores.
