{"id":16669,"date":"2023-06-01T09:22:23","date_gmt":"2023-06-01T07:22:23","guid":{"rendered":"https:\/\/www.turismoaguarda.es\/event\/festa-do-santisimo-alfombras-florais\/"},"modified":"2023-06-01T09:24:47","modified_gmt":"2023-06-01T07:24:47","slug":"festa-do-santisimo-alfombras-florais","status":"publish","type":"tribe_events","link":"https:\/\/www.turismoaguarda.es\/en\/event\/festa-do-santisimo-alfombras-florais\/","title":{"rendered":"Festa do Sant\u00edsimo (alfombras florais)"},"content":{"rendered":"<p lang=\"gl-ES\" align=\"JUSTIFY\">Na noite do s\u00e1bado ao domingo os veci\u00f1os organizados por r\u00faas do centro hist\u00f3rico e porto elaboran as alfombras florais e de sal tinguido de cores.\u00a0Os veci\u00f1os e todos os interesados en participar traballan durante toda a noite e parte da madrugada.<\/p>\n<p lang=\"gl-ES\" align=\"JUSTIFY\">Durante o domingo p\u00f3dense observar as elaboradas alfombras con dese\u00f1os moi coloridos e detallistas antes da procesi\u00f3n do Sant\u00edsimo.<\/p>\n<p lang=\"gl-ES\" align=\"JUSTIFY\">Actos relixiosos do domingo 11 de xu\u00f1o:<\/p>\n<ul>\n<li lang=\"gl-ES\">18:00 Misa na Igrexa parroquial de Santa Mar\u00eda<\/li>\n<li lang=\"gl-ES\">19:00 Procesi\u00f3n dende a Igrexa polas r\u00faas do casco hist\u00f3rico e porto.<\/li>\n<\/ul>\n","protected":false},"excerpt":{"rendered":"<p>Na noite do s\u00e1bado ao domingo os veci\u00f1os organizados por r\u00faas do centro hist\u00f3rico e porto elaboran as alfombras florais e de sal tinguido de cores.\u00a0Os veci\u00f1os e todos os interesados en participar traballan durante toda a noite e parte da madrugada. Durante o domingo p\u00f3dense observar as elaboradas alfombras con dese\u00f1os moi coloridos e<\/p>\n<div class=\"padding-top text-center\"><a href=\"https:\/\/www.turismoaguarda.es\/en\/event\/festa-do-santisimo-alfombras-florais\/\" class=\"atbtn atbtn--medium atbtn--rounded atbtn--transparent\">Read more<i class=\"atbtn__icon atbtn__icon--right fa fa-long-arrow-right\"><\/i><\/a><\/div>\n","protected":false},"author":7,"featured_media":16665,"template":"","meta":{"_tribe_events_status":"","_tribe_events_status_reason":"","footnotes":""},"tags":[],"tribe_events_cat":[1546],"class_list":["post-16669","tribe_events","type-tribe_events","status-publish","has-post-thumbnail","hentry","tribe_events_cat-fiestas","cat_fiestas"],"yoast_head":"<!-- This site is optimized with the Yoast SEO plugin v27.5 - https:\/\/yoast.com\/product\/yoast-seo-wordpress\/ -->\n<title>Festa do Sant\u00edsimo (alfombras florais) | Turismo A Guarda<\/title>\n<meta name=\"robots\" content=\"index, follow, max-snippet:-1, max-image-preview:large, max-video-preview:-1\" \/>\n<link rel=\"canonical\" href=\"https:\/\/www.turismoaguarda.es\/event\/festa-do-santisimo-alfombras-florais\/\" \/>\n<meta property=\"og:locale\" content=\"en_US\" \/>\n<meta property=\"og:type\" content=\"article\" \/>\n<meta property=\"og:title\" content=\"Festa do Sant\u00edsimo (alfombras florais) | Turismo A Guarda\" \/>\n<meta property=\"og:description\" content=\"Na noite do s\u00e1bado ao domingo os veci\u00f1os organizados por r\u00faas do centro hist\u00f3rico e porto elaboran as alfombras florais e de sal tinguido de cores.\u00a0Os veci\u00f1os e todos os interesados en participar traballan durante toda a noite e parte da madrugada. Durante o domingo p\u00f3dense observar as elaboradas alfombras con dese\u00f1os moi coloridos eRead more\" \/>\n<meta property=\"og:url\" content=\"https:\/\/www.turismoaguarda.es\/event\/festa-do-santisimo-alfombras-florais\/\" \/>\n<meta property=\"og:site_name\" content=\"Turismo A Guarda\" \/>\n<meta property=\"article:publisher\" content=\"https:\/\/es-es.facebook.com\/Turismo-A-Guarda-126223240790625\/\" \/>\n<meta property=\"article:modified_time\" content=\"2023-06-01T07:24:47+00:00\" \/>\n<meta property=\"og:image\" content=\"https:\/\/www.turismoaguarda.es\/wp-content\/uploads\/2023\/06\/Asociacion-Cultural-Alformbras-da-Guarda_xuno-2023.jpg\" \/>\n\t<meta property=\"og:image:width\" content=\"1600\" \/>\n\t<meta property=\"og:image:height\" content=\"1129\" \/>\n\t<meta property=\"og:image:type\" content=\"image\/jpeg\" \/>\n<meta name=\"twitter:card\" content=\"summary_large_image\" \/>\n<meta name=\"twitter:site\" content=\"@TurismoAGuarda\" \/>\n<meta name=\"twitter:label1\" content=\"Est. reading time\" \/>\n\t<meta name=\"twitter:data1\" content=\"1 minute\" \/>\n<script type=\"application\/ld+json\" class=\"yoast-schema-graph\">{\"@context\":\"https:\\\/\\\/schema.org\",\"@graph\":[{\"@type\":\"WebPage\",\"@id\":\"https:\\\/\\\/www.turismoaguarda.es\\\/event\\\/festa-do-santisimo-alfombras-florais\\\/\",\"url\":\"https:\\\/\\\/www.turismoaguarda.es\\\/event\\\/festa-do-santisimo-alfombras-florais\\\/\",\"name\":\"Festa do Sant\u00edsimo (alfombras florais) | Turismo A Guarda\",\"isPartOf\":{\"@id\":\"https:\\\/\\\/www.turismoaguarda.es\\\/#website\"},\"primaryImageOfPage\":{\"@id\":\"https:\\\/\\\/www.turismoaguarda.es\\\/event\\\/festa-do-santisimo-alfombras-florais\\\/#primaryimage\"},\"image\":{\"@id\":\"https:\\\/\\\/www.turismoaguarda.es\\\/event\\\/festa-do-santisimo-alfombras-florais\\\/#primaryimage\"},\"thumbnailUrl\":\"https:\\\/\\\/www.turismoaguarda.es\\\/wp-content\\\/uploads\\\/2023\\\/06\\\/Asociacion-Cultural-Alformbras-da-Guarda_xuno-2023.jpg\",\"datePublished\":\"2023-06-01T07:22:23+00:00\",\"dateModified\":\"2023-06-01T07:24:47+00:00\",\"breadcrumb\":{\"@id\":\"https:\\\/\\\/www.turismoaguarda.es\\\/event\\\/festa-do-santisimo-alfombras-florais\\\/#breadcrumb\"},\"inLanguage\":\"en-US\",\"potentialAction\":[{\"@type\":\"ReadAction\",\"target\":[\"https:\\\/\\\/www.turismoaguarda.es\\\/event\\\/festa-do-santisimo-alfombras-florais\\\/\"]}]},{\"@type\":\"ImageObject\",\"inLanguage\":\"en-US\",\"@id\":\"https:\\\/\\\/www.turismoaguarda.es\\\/event\\\/festa-do-santisimo-alfombras-florais\\\/#primaryimage\",\"url\":\"https:\\\/\\\/www.turismoaguarda.es\\\/wp-content\\\/uploads\\\/2023\\\/06\\\/Asociacion-Cultural-Alformbras-da-Guarda_xuno-2023.jpg\",\"contentUrl\":\"https:\\\/\\\/www.turismoaguarda.es\\\/wp-content\\\/uploads\\\/2023\\\/06\\\/Asociacion-Cultural-Alformbras-da-Guarda_xuno-2023.jpg\",\"width\":1600,\"height\":1129},{\"@type\":\"BreadcrumbList\",\"@id\":\"https:\\\/\\\/www.turismoaguarda.es\\\/event\\\/festa-do-santisimo-alfombras-florais\\\/#breadcrumb\",\"itemListElement\":[{\"@type\":\"ListItem\",\"position\":1,\"name\":\"Portada\",\"item\":\"https:\\\/\\\/www.turismoaguarda.es\\\/en\\\/\"},{\"@type\":\"ListItem\",\"position\":2,\"name\":\"Events\",\"item\":\"https:\\\/\\\/www.turismoaguarda.es\\\/en\\\/events\\\/\"},{\"@type\":\"ListItem\",\"position\":3,\"name\":\"Festa do Sant\u00edsimo (alfombras florais)\"}]},{\"@type\":\"WebSite\",\"@id\":\"https:\\\/\\\/www.turismoaguarda.es\\\/#website\",\"url\":\"https:\\\/\\\/www.turismoaguarda.es\\\/\",\"name\":\"Turismo A Guarda\",\"description\":\"Informaci\u00f3n tur\u00edstica de A Guarda y alrededores.\",\"potentialAction\":[{\"@type\":\"SearchAction\",\"target\":{\"@type\":\"EntryPoint\",\"urlTemplate\":\"https:\\\/\\\/www.turismoaguarda.es\\\/?s={search_term_string}\"},\"query-input\":{\"@type\":\"PropertyValueSpecification\",\"valueRequired\":true,\"valueName\":\"search_term_string\"}}],\"inLanguage\":\"en-US\"}]}<\/script>\n<!-- \/ Yoast SEO plugin. -->","yoast_head_json":{"title":"Festa do Sant\u00edsimo (alfombras florais) | Turismo A Guarda","robots":{"index":"index","follow":"follow","max-snippet":"max-snippet:-1","max-image-preview":"max-image-preview:large","max-video-preview":"max-video-preview:-1"},"canonical":"https:\/\/www.turismoaguarda.es\/event\/festa-do-santisimo-alfombras-florais\/","og_locale":"en_US","og_type":"article","og_title":"Festa do Sant\u00edsimo (alfombras florais) | Turismo A Guarda","og_description":"Na noite do s\u00e1bado ao domingo os veci\u00f1os organizados por r\u00faas do centro hist\u00f3rico e porto elaboran as alfombras florais e de sal tinguido de cores.\u00a0Os veci\u00f1os e todos os interesados en participar traballan durante toda a noite e parte da madrugada. Durante o domingo p\u00f3dense observar as elaboradas alfombras con dese\u00f1os moi coloridos eRead more","og_url":"https:\/\/www.turismoaguarda.es\/event\/festa-do-santisimo-alfombras-florais\/","og_site_name":"Turismo A Guarda","article_publisher":"https:\/\/es-es.facebook.com\/Turismo-A-Guarda-126223240790625\/","article_modified_time":"2023-06-01T07:24:47+00:00","og_image":[{"width":1600,"height":1129,"url":"https:\/\/www.turismoaguarda.es\/wp-content\/uploads\/2023\/06\/Asociacion-Cultural-Alformbras-da-Guarda_xuno-2023.jpg","type":"image\/jpeg"}],"twitter_card":"summary_large_image","twitter_site":"@TurismoAGuarda","twitter_misc":{"Est. reading time":"1 minute"},"schema":{"@context":"https:\/\/schema.org","@graph":[{"@type":"WebPage","@id":"https:\/\/www.turismoaguarda.es\/event\/festa-do-santisimo-alfombras-florais\/","url":"https:\/\/www.turismoaguarda.es\/event\/festa-do-santisimo-alfombras-florais\/","name":"Festa do Sant\u00edsimo (alfombras florais) | Turismo A Guarda","isPartOf":{"@id":"https:\/\/www.turismoaguarda.es\/#website"},"primaryImageOfPage":{"@id":"https:\/\/www.turismoaguarda.es\/event\/festa-do-santisimo-alfombras-florais\/#primaryimage"},"image":{"@id":"https:\/\/www.turismoaguarda.es\/event\/festa-do-santisimo-alfombras-florais\/#primaryimage"},"thumbnailUrl":"https:\/\/www.turismoaguarda.es\/wp-content\/uploads\/2023\/06\/Asociacion-Cultural-Alformbras-da-Guarda_xuno-2023.jpg","datePublished":"2023-06-01T07:22:23+00:00","dateModified":"2023-06-01T07:24:47+00:00","breadcrumb":{"@id":"https:\/\/www.turismoaguarda.es\/event\/festa-do-santisimo-alfombras-florais\/#breadcrumb"},"inLanguage":"en-US","potentialAction":[{"@type":"ReadAction","target":["https:\/\/www.turismoaguarda.es\/event\/festa-do-santisimo-alfombras-florais\/"]}]},{"@type":"ImageObject","inLanguage":"en-US","@id":"https:\/\/www.turismoaguarda.es\/event\/festa-do-santisimo-alfombras-florais\/#primaryimage","url":"https:\/\/www.turismoaguarda.es\/wp-content\/uploads\/2023\/06\/Asociacion-Cultural-Alformbras-da-Guarda_xuno-2023.jpg","contentUrl":"https:\/\/www.turismoaguarda.es\/wp-content\/uploads\/2023\/06\/Asociacion-Cultural-Alformbras-da-Guarda_xuno-2023.jpg","width":1600,"height":1129},{"@type":"BreadcrumbList","@id":"https:\/\/www.turismoaguarda.es\/event\/festa-do-santisimo-alfombras-florais\/#breadcrumb","itemListElement":[{"@type":"ListItem","position":1,"name":"Portada","item":"https:\/\/www.turismoaguarda.es\/en\/"},{"@type":"ListItem","position":2,"name":"Events","item":"https:\/\/www.turismoaguarda.es\/en\/events\/"},{"@type":"ListItem","position":3,"name":"Festa do Sant\u00edsimo (alfombras florais)"}]},{"@type":"WebSite","@id":"https:\/\/www.turismoaguarda.es\/#website","url":"https:\/\/www.turismoaguarda.es\/","name":"Turismo A Guarda","description":"Informaci\u00f3n tur\u00edstica de A Guarda y alrededores.","potentialAction":[{"@type":"SearchAction","target":{"@type":"EntryPoint","urlTemplate":"https:\/\/www.turismoaguarda.es\/?s={search_term_string}"},"query-input":{"@type":"PropertyValueSpecification","valueRequired":true,"valueName":"search_term_string"}}],"inLanguage":"en-US"}]}},"_links":{"self":[{"href":"https:\/\/www.turismoaguarda.es\/en\/wp-json\/wp\/v2\/tribe_events\/16669","targetHints":{"allow":["GET"]}}],"collection":[{"href":"https:\/\/www.turismoaguarda.es\/en\/wp-json\/wp\/v2\/tribe_events"}],"about":[{"href":"https:\/\/www.turismoaguarda.es\/en\/wp-json\/wp\/v2\/types\/tribe_events"}],"author":[{"embeddable":true,"href":"https:\/\/www.turismoaguarda.es\/en\/wp-json\/wp\/v2\/users\/7"}],"version-history":[{"count":1,"href":"https:\/\/www.turismoaguarda.es\/en\/wp-json\/wp\/v2\/tribe_events\/16669\/revisions"}],"predecessor-version":[{"id":16670,"href":"https:\/\/www.turismoaguarda.es\/en\/wp-json\/wp\/v2\/tribe_events\/16669\/revisions\/16670"}],"wp:featuredmedia":[{"embeddable":true,"href":"https:\/\/www.turismoaguarda.es\/en\/wp-json\/wp\/v2\/media\/16665"}],"wp:attachment":[{"href":"https:\/\/www.turismoaguarda.es\/en\/wp-json\/wp\/v2\/media?parent=16669"}],"wp:term":[{"taxonomy":"post_tag","embeddable":true,"href":"https:\/\/www.turismoaguarda.es\/en\/wp-json\/wp\/v2\/tags?post=16669"},{"taxonomy":"tribe_events_cat","embeddable":true,"href":"https:\/\/www.turismoaguarda.es\/en\/wp-json\/wp\/v2\/tribe_events_cat?post=16669"}],"curies":[{"name":"wp","href":"https:\/\/api.w.org\/{rel}","templated":true}]}}

Festa do Santísimo (alfombras florais)

<p lang="gl-ES" align="JUSTIFY">Na noite do sábado ao domingo os veciños organizados por rúas do centro histórico e porto elaboran as alfombras florais e de sal tinguido de cores. Os veciños e todos os interesados en participar traballan durante toda a noite e parte da madrugada.</p>
<p lang="gl-ES" align="JUSTIFY">Durante o domingo pódense observar as elaboradas alfombras con deseños moi coloridos e detallistas antes da procesión do Santísimo.</p>
<p lang="gl-ES" align="JUSTIFY">Actos relixiosos do domingo 11 de xuño:</p>
<ul>
<li lang="gl-ES">18:00 Misa na Igrexa parroquial de Santa María</li>
<li lang="gl-ES">19:00 Procesión dende a Igrexa polas rúas do casco histórico e porto.</li>
</ul>

<p>Na noite do sábado ao domingo os veciños organizados por rúas do centro histórico e porto elaboran as alfombras florais e de sal tinguido de cores. Os veciños e todos os interesados en participar traballan durante toda a noite e parte da madrugada. Durante o domingo pódense observar as elaboradas alfombras con deseños moi coloridos e</p>
<div class="padding-top text-center"><a href="https://www.turismoaguarda.es/en/event/festa-do-santisimo-alfombras-florais/" class="atbtn atbtn--medium atbtn--rounded atbtn--transparent">Read more<i class="atbtn__icon atbtn__icon--right fa fa-long-arrow-right"></i></a></div>

<!-- This site is optimized with the Yoast SEO plugin v27.5 - https://yoast.com/product/yoast-seo-wordpress/ -->
<title>Festa do Santísimo (alfombras florais) | Turismo A Guarda</title>
<meta name="robots" content="index, follow, max-snippet:-1, max-image-preview:large, max-video-preview:-1" />
<link rel="canonical" href="https://www.turismoaguarda.es/event/festa-do-santisimo-alfombras-florais/" />
<meta property="og:locale" content="en_US" />
<meta property="og:type" content="article" />
<meta property="og:title" content="Festa do Santísimo (alfombras florais) | Turismo A Guarda" />
<meta property="og:description" content="Na noite do sábado ao domingo os veciños organizados por rúas do centro histórico e porto elaboran as alfombras florais e de sal tinguido de cores. Os veciños e todos os interesados en participar traballan durante toda a noite e parte da madrugada. Durante o domingo pódense observar as elaboradas alfombras con deseños moi coloridos eRead more" />
<meta property="og:url" content="https://www.turismoaguarda.es/event/festa-do-santisimo-alfombras-florais/" />
<meta property="og:site_name" content="Turismo A Guarda" />
<meta property="article:publisher" content="https://es-es.facebook.com/Turismo-A-Guarda-126223240790625/" />
<meta property="article:modified_time" content="2023-06-01T07:24:47+00:00" />
<meta property="og:image" content="https://www.turismoaguarda.es/wp-content/uploads/2023/06/Asociacion-Cultural-Alformbras-da-Guarda_xuno-2023.jpg" />
	<meta property="og:image:width" content="1600" />
	<meta property="og:image:height" content="1129" />
	<meta property="og:image:type" content="image/jpeg" />
<meta name="twitter:card" content="summary_large_image" />
<meta name="twitter:site" content="@TurismoAGuarda" />
<meta name="twitter:label1" content="Est. reading time" />
	<meta name="twitter:data1" content="1 minute" />
<script type="application/ld+json" class="yoast-schema-graph">{"@context":"https:\/\/schema.org","@graph":[{"@type":"WebPage","@id":"https:\/\/www.turismoaguarda.es\/event\/festa-do-santisimo-alfombras-florais\/","url":"https:\/\/www.turismoaguarda.es\/event\/festa-do-santisimo-alfombras-florais\/","name":"Festa do Santísimo (alfombras florais) | Turismo A Guarda","isPartOf":{"@id":"https:\/\/www.turismoaguarda.es\/#website"},"primaryImageOfPage":{"@id":"https:\/\/www.turismoaguarda.es\/event\/festa-do-santisimo-alfombras-florais\/#primaryimage"},"image":{"@id":"https:\/\/www.turismoaguarda.es\/event\/festa-do-santisimo-alfombras-florais\/#primaryimage"},"thumbnailUrl":"https:\/\/www.turismoaguarda.es\/wp-content\/uploads\/2023\/06\/Asociacion-Cultural-Alformbras-da-Guarda_xuno-2023.jpg","datePublished":"2023-06-01T07:22:23+00:00","dateModified":"2023-06-01T07:24:47+00:00","breadcrumb":{"@id":"https:\/\/www.turismoaguarda.es\/event\/festa-do-santisimo-alfombras-florais\/#breadcrumb"},"inLanguage":"en-US","potentialAction":[{"@type":"ReadAction","target":["https:\/\/www.turismoaguarda.es\/event\/festa-do-santisimo-alfombras-florais\/"]}]},{"@type":"ImageObject","inLanguage":"en-US","@id":"https:\/\/www.turismoaguarda.es\/event\/festa-do-santisimo-alfombras-florais\/#primaryimage","url":"https:\/\/www.turismoaguarda.es\/wp-content\/uploads\/2023\/06\/Asociacion-Cultural-Alformbras-da-Guarda_xuno-2023.jpg","contentUrl":"https:\/\/www.turismoaguarda.es\/wp-content\/uploads\/2023\/06\/Asociacion-Cultural-Alformbras-da-Guarda_xuno-2023.jpg","width":1600,"height":1129},{"@type":"BreadcrumbList","@id":"https:\/\/www.turismoaguarda.es\/event\/festa-do-santisimo-alfombras-florais\/#breadcrumb","itemListElement":[{"@type":"ListItem","position":1,"name":"Portada","item":"https:\/\/www.turismoaguarda.es\/en\/"},{"@type":"ListItem","position":2,"name":"Events","item":"https:\/\/www.turismoaguarda.es\/en\/events\/"},{"@type":"ListItem","position":3,"name":"Festa do Santísimo (alfombras florais)"}]},{"@type":"WebSite","@id":"https:\/\/www.turismoaguarda.es\/#website","url":"https:\/\/www.turismoaguarda.es\/","name":"Turismo A Guarda","description":"Información turística de A Guarda y alrededores.","potentialAction":[{"@type":"SearchAction","target":{"@type":"EntryPoint","urlTemplate":"https:\/\/www.turismoaguarda.es\/?s={search_term_string}"},"query-input":{"@type":"PropertyValueSpecification","valueRequired":true,"valueName":"search_term_string"}}],"inLanguage":"en-US"}]}</script>
<!-- / Yoast SEO plugin. -->

Festa do Santísimo (alfombras florais) | Turismo A Guarda

Na noite do sábado ao domingo os veciños organizados por rúas do centro histórico e porto elaboran as alfombras florais e de sal tinguido de cores. Os veciños e todos os interesados en participar traballan durante toda a noite e parte da madrugada. Durante o domingo pódense observar as elaboradas alfombras con deseños moi coloridos eRead more

Información turística de A Guarda y alrededores.
