{"id":16179,"date":"2022-12-12T13:25:21","date_gmt":"2022-12-12T12:25:21","guid":{"rendered":"https:\/\/www.turismoaguarda.es\/?post_type=tribe_events&#038;p=16179"},"modified":"2023-02-02T13:36:22","modified_gmt":"2023-02-02T12:36:22","slug":"san-silvestre-de-a-guarda","status":"publish","type":"tribe_events","link":"https:\/\/www.turismoaguarda.es\/en\/event\/san-silvestre-de-a-guarda\/","title":{"rendered":"San Silvestre de A Guarda &#8211; cancelado &#8211;"},"content":{"rendered":"<p class=\"western\">Divertida carrera de 4 km para todas las edades con salida y llegada a las 17:00h desde la Plaza de Avelino Vicente.<\/p>\n<p class=\"western\">Los ni\u00f1os nacidos antes de 2011 deber ir acompa\u00f1ados por un adulto.<\/p>\n<p class=\"western\">Precisa inscripci\u00f3n gratuita en <a href=\"https:\/\/www.deporticket.com\/web-evento\/7889-san-silvestre-a-guarda\">https:\/\/www.deporticket.com\/web-evento\/7889-san-silvestre-a-guarda<\/a> hasta el 29 de diciembre.<\/p>\n<p class=\"western\">Organiza el Ayuntamiento con la colaboraci\u00f3n de NOKO 360.<\/p>\n","protected":false},"excerpt":{"rendered":"<p>Divertida carrera de 4 km para todas las edades con salida y llegada a las 17:00h desde la Plaza de Avelino Vicente. Los ni\u00f1os nacidos antes de 2011 deber ir acompa\u00f1ados por un adulto. Precisa inscripci\u00f3n gratuita en https:\/\/www.deporticket.com\/web-evento\/7889-san-silvestre-a-guarda hasta el 29 de diciembre. Organiza el Ayuntamiento con la colaboraci\u00f3n de NOKO 360.<\/p>\n","protected":false},"author":7,"featured_media":16170,"template":"","meta":{"_tribe_events_status":"","_tribe_events_status_reason":"","footnotes":""},"tags":[],"tribe_events_cat":[1548],"class_list":["post-16179","tribe_events","type-tribe_events","status-publish","has-post-thumbnail","hentry","tribe_events_cat-deportivos","cat_deportivos"],"yoast_head":"<!-- This site is optimized with the Yoast SEO plugin v27.5 - https:\/\/yoast.com\/product\/yoast-seo-wordpress\/ -->\n<title>San Silvestre de A Guarda - cancelado - | Turismo A Guarda<\/title>\n<meta name=\"robots\" content=\"index, follow, max-snippet:-1, max-image-preview:large, max-video-preview:-1\" \/>\n<link rel=\"canonical\" href=\"https:\/\/www.turismoaguarda.es\/event\/san-silvestre-de-a-guarda\/\" \/>\n<meta property=\"og:locale\" content=\"en_US\" \/>\n<meta property=\"og:type\" content=\"article\" \/>\n<meta property=\"og:title\" content=\"San Silvestre de A Guarda - cancelado - | Turismo A Guarda\" \/>\n<meta property=\"og:description\" content=\"Divertida carrera de 4 km para todas las edades con salida y llegada a las 17:00h desde la Plaza de Avelino Vicente. Los ni\u00f1os nacidos antes de 2011 deber ir acompa\u00f1ados por un adulto. Precisa inscripci\u00f3n gratuita en https:\/\/www.deporticket.com\/web-evento\/7889-san-silvestre-a-guarda hasta el 29 de diciembre. Organiza el Ayuntamiento con la colaboraci\u00f3n de NOKO 360.\" \/>\n<meta property=\"og:url\" content=\"https:\/\/www.turismoaguarda.es\/event\/san-silvestre-de-a-guarda\/\" \/>\n<meta property=\"og:site_name\" content=\"Turismo A Guarda\" \/>\n<meta property=\"article:publisher\" content=\"https:\/\/es-es.facebook.com\/Turismo-A-Guarda-126223240790625\/\" \/>\n<meta property=\"article:modified_time\" content=\"2023-02-02T12:36:22+00:00\" \/>\n<meta property=\"og:image\" content=\"https:\/\/www.turismoaguarda.es\/wp-content\/uploads\/2022\/12\/NP-29112022-Abertas-as-inscricions-para-a-San-Silvestre-da-Guarda.jpg\" \/>\n\t<meta property=\"og:image:width\" content=\"1240\" \/>\n\t<meta property=\"og:image:height\" content=\"1754\" \/>\n\t<meta property=\"og:image:type\" content=\"image\/jpeg\" \/>\n<meta name=\"twitter:card\" content=\"summary_large_image\" \/>\n<meta name=\"twitter:site\" content=\"@TurismoAGuarda\" \/>\n<meta name=\"twitter:label1\" content=\"Est. reading time\" \/>\n\t<meta name=\"twitter:data1\" content=\"1 minute\" \/>\n<script type=\"application\/ld+json\" class=\"yoast-schema-graph\">{\"@context\":\"https:\\\/\\\/schema.org\",\"@graph\":[{\"@type\":\"WebPage\",\"@id\":\"https:\\\/\\\/www.turismoaguarda.es\\\/event\\\/san-silvestre-de-a-guarda\\\/\",\"url\":\"https:\\\/\\\/www.turismoaguarda.es\\\/event\\\/san-silvestre-de-a-guarda\\\/\",\"name\":\"San Silvestre de A Guarda - cancelado - | Turismo A Guarda\",\"isPartOf\":{\"@id\":\"https:\\\/\\\/www.turismoaguarda.es\\\/#website\"},\"primaryImageOfPage\":{\"@id\":\"https:\\\/\\\/www.turismoaguarda.es\\\/event\\\/san-silvestre-de-a-guarda\\\/#primaryimage\"},\"image\":{\"@id\":\"https:\\\/\\\/www.turismoaguarda.es\\\/event\\\/san-silvestre-de-a-guarda\\\/#primaryimage\"},\"thumbnailUrl\":\"https:\\\/\\\/www.turismoaguarda.es\\\/wp-content\\\/uploads\\\/2022\\\/12\\\/NP-29112022-Abertas-as-inscricions-para-a-San-Silvestre-da-Guarda.jpg\",\"datePublished\":\"2022-12-12T12:25:21+00:00\",\"dateModified\":\"2023-02-02T12:36:22+00:00\",\"breadcrumb\":{\"@id\":\"https:\\\/\\\/www.turismoaguarda.es\\\/event\\\/san-silvestre-de-a-guarda\\\/#breadcrumb\"},\"inLanguage\":\"en-US\",\"potentialAction\":[{\"@type\":\"ReadAction\",\"target\":[\"https:\\\/\\\/www.turismoaguarda.es\\\/event\\\/san-silvestre-de-a-guarda\\\/\"]}]},{\"@type\":\"ImageObject\",\"inLanguage\":\"en-US\",\"@id\":\"https:\\\/\\\/www.turismoaguarda.es\\\/event\\\/san-silvestre-de-a-guarda\\\/#primaryimage\",\"url\":\"https:\\\/\\\/www.turismoaguarda.es\\\/wp-content\\\/uploads\\\/2022\\\/12\\\/NP-29112022-Abertas-as-inscricions-para-a-San-Silvestre-da-Guarda.jpg\",\"contentUrl\":\"https:\\\/\\\/www.turismoaguarda.es\\\/wp-content\\\/uploads\\\/2022\\\/12\\\/NP-29112022-Abertas-as-inscricions-para-a-San-Silvestre-da-Guarda.jpg\",\"width\":1240,\"height\":1754},{\"@type\":\"BreadcrumbList\",\"@id\":\"https:\\\/\\\/www.turismoaguarda.es\\\/event\\\/san-silvestre-de-a-guarda\\\/#breadcrumb\",\"itemListElement\":[{\"@type\":\"ListItem\",\"position\":1,\"name\":\"Portada\",\"item\":\"https:\\\/\\\/www.turismoaguarda.es\\\/en\\\/\"},{\"@type\":\"ListItem\",\"position\":2,\"name\":\"Events\",\"item\":\"https:\\\/\\\/www.turismoaguarda.es\\\/en\\\/events\\\/\"},{\"@type\":\"ListItem\",\"position\":3,\"name\":\"San Silvestre de A Guarda &#8211; cancelado &#8211;\"}]},{\"@type\":\"WebSite\",\"@id\":\"https:\\\/\\\/www.turismoaguarda.es\\\/#website\",\"url\":\"https:\\\/\\\/www.turismoaguarda.es\\\/\",\"name\":\"Turismo A Guarda\",\"description\":\"Informaci\u00f3n tur\u00edstica de A Guarda y alrededores.\",\"potentialAction\":[{\"@type\":\"SearchAction\",\"target\":{\"@type\":\"EntryPoint\",\"urlTemplate\":\"https:\\\/\\\/www.turismoaguarda.es\\\/?s={search_term_string}\"},\"query-input\":{\"@type\":\"PropertyValueSpecification\",\"valueRequired\":true,\"valueName\":\"search_term_string\"}}],\"inLanguage\":\"en-US\"}]}<\/script>\n<!-- \/ Yoast SEO plugin. -->","yoast_head_json":{"title":"San Silvestre de A Guarda - cancelado - | Turismo A Guarda","robots":{"index":"index","follow":"follow","max-snippet":"max-snippet:-1","max-image-preview":"max-image-preview:large","max-video-preview":"max-video-preview:-1"},"canonical":"https:\/\/www.turismoaguarda.es\/event\/san-silvestre-de-a-guarda\/","og_locale":"en_US","og_type":"article","og_title":"San Silvestre de A Guarda - cancelado - | Turismo A Guarda","og_description":"Divertida carrera de 4 km para todas las edades con salida y llegada a las 17:00h desde la Plaza de Avelino Vicente. Los ni\u00f1os nacidos antes de 2011 deber ir acompa\u00f1ados por un adulto. Precisa inscripci\u00f3n gratuita en https:\/\/www.deporticket.com\/web-evento\/7889-san-silvestre-a-guarda hasta el 29 de diciembre. Organiza el Ayuntamiento con la colaboraci\u00f3n de NOKO 360.","og_url":"https:\/\/www.turismoaguarda.es\/event\/san-silvestre-de-a-guarda\/","og_site_name":"Turismo A Guarda","article_publisher":"https:\/\/es-es.facebook.com\/Turismo-A-Guarda-126223240790625\/","article_modified_time":"2023-02-02T12:36:22+00:00","og_image":[{"width":1240,"height":1754,"url":"https:\/\/www.turismoaguarda.es\/wp-content\/uploads\/2022\/12\/NP-29112022-Abertas-as-inscricions-para-a-San-Silvestre-da-Guarda.jpg","type":"image\/jpeg"}],"twitter_card":"summary_large_image","twitter_site":"@TurismoAGuarda","twitter_misc":{"Est. reading time":"1 minute"},"schema":{"@context":"https:\/\/schema.org","@graph":[{"@type":"WebPage","@id":"https:\/\/www.turismoaguarda.es\/event\/san-silvestre-de-a-guarda\/","url":"https:\/\/www.turismoaguarda.es\/event\/san-silvestre-de-a-guarda\/","name":"San Silvestre de A Guarda - cancelado - | Turismo A Guarda","isPartOf":{"@id":"https:\/\/www.turismoaguarda.es\/#website"},"primaryImageOfPage":{"@id":"https:\/\/www.turismoaguarda.es\/event\/san-silvestre-de-a-guarda\/#primaryimage"},"image":{"@id":"https:\/\/www.turismoaguarda.es\/event\/san-silvestre-de-a-guarda\/#primaryimage"},"thumbnailUrl":"https:\/\/www.turismoaguarda.es\/wp-content\/uploads\/2022\/12\/NP-29112022-Abertas-as-inscricions-para-a-San-Silvestre-da-Guarda.jpg","datePublished":"2022-12-12T12:25:21+00:00","dateModified":"2023-02-02T12:36:22+00:00","breadcrumb":{"@id":"https:\/\/www.turismoaguarda.es\/event\/san-silvestre-de-a-guarda\/#breadcrumb"},"inLanguage":"en-US","potentialAction":[{"@type":"ReadAction","target":["https:\/\/www.turismoaguarda.es\/event\/san-silvestre-de-a-guarda\/"]}]},{"@type":"ImageObject","inLanguage":"en-US","@id":"https:\/\/www.turismoaguarda.es\/event\/san-silvestre-de-a-guarda\/#primaryimage","url":"https:\/\/www.turismoaguarda.es\/wp-content\/uploads\/2022\/12\/NP-29112022-Abertas-as-inscricions-para-a-San-Silvestre-da-Guarda.jpg","contentUrl":"https:\/\/www.turismoaguarda.es\/wp-content\/uploads\/2022\/12\/NP-29112022-Abertas-as-inscricions-para-a-San-Silvestre-da-Guarda.jpg","width":1240,"height":1754},{"@type":"BreadcrumbList","@id":"https:\/\/www.turismoaguarda.es\/event\/san-silvestre-de-a-guarda\/#breadcrumb","itemListElement":[{"@type":"ListItem","position":1,"name":"Portada","item":"https:\/\/www.turismoaguarda.es\/en\/"},{"@type":"ListItem","position":2,"name":"Events","item":"https:\/\/www.turismoaguarda.es\/en\/events\/"},{"@type":"ListItem","position":3,"name":"San Silvestre de A Guarda &#8211; cancelado &#8211;"}]},{"@type":"WebSite","@id":"https:\/\/www.turismoaguarda.es\/#website","url":"https:\/\/www.turismoaguarda.es\/","name":"Turismo A Guarda","description":"Informaci\u00f3n tur\u00edstica de A Guarda y alrededores.","potentialAction":[{"@type":"SearchAction","target":{"@type":"EntryPoint","urlTemplate":"https:\/\/www.turismoaguarda.es\/?s={search_term_string}"},"query-input":{"@type":"PropertyValueSpecification","valueRequired":true,"valueName":"search_term_string"}}],"inLanguage":"en-US"}]}},"_links":{"self":[{"href":"https:\/\/www.turismoaguarda.es\/en\/wp-json\/wp\/v2\/tribe_events\/16179","targetHints":{"allow":["GET"]}}],"collection":[{"href":"https:\/\/www.turismoaguarda.es\/en\/wp-json\/wp\/v2\/tribe_events"}],"about":[{"href":"https:\/\/www.turismoaguarda.es\/en\/wp-json\/wp\/v2\/types\/tribe_events"}],"author":[{"embeddable":true,"href":"https:\/\/www.turismoaguarda.es\/en\/wp-json\/wp\/v2\/users\/7"}],"version-history":[{"count":2,"href":"https:\/\/www.turismoaguarda.es\/en\/wp-json\/wp\/v2\/tribe_events\/16179\/revisions"}],"predecessor-version":[{"id":16278,"href":"https:\/\/www.turismoaguarda.es\/en\/wp-json\/wp\/v2\/tribe_events\/16179\/revisions\/16278"}],"wp:featuredmedia":[{"embeddable":true,"href":"https:\/\/www.turismoaguarda.es\/en\/wp-json\/wp\/v2\/media\/16170"}],"wp:attachment":[{"href":"https:\/\/www.turismoaguarda.es\/en\/wp-json\/wp\/v2\/media?parent=16179"}],"wp:term":[{"taxonomy":"post_tag","embeddable":true,"href":"https:\/\/www.turismoaguarda.es\/en\/wp-json\/wp\/v2\/tags?post=16179"},{"taxonomy":"tribe_events_cat","embeddable":true,"href":"https:\/\/www.turismoaguarda.es\/en\/wp-json\/wp\/v2\/tribe_events_cat?post=16179"}],"curies":[{"name":"wp","href":"https:\/\/api.w.org\/{rel}","templated":true}]}}

<p class="western">Divertida carrera de 4 km para todas las edades con salida y llegada a las 17:00h desde la Plaza de Avelino Vicente.</p>
<p class="western">Los niños nacidos antes de 2011 deber ir acompañados por un adulto.</p>
<p class="western">Precisa inscripción gratuita en <a href="https://www.deporticket.com/web-evento/7889-san-silvestre-a-guarda">https://www.deporticket.com/web-evento/7889-san-silvestre-a-guarda</a> hasta el 29 de diciembre.</p>
<p class="western">Organiza el Ayuntamiento con la colaboración de NOKO 360.</p>

<p>Divertida carrera de 4 km para todas las edades con salida y llegada a las 17:00h desde la Plaza de Avelino Vicente. Los niños nacidos antes de 2011 deber ir acompañados por un adulto. Precisa inscripción gratuita en https://www.deporticket.com/web-evento/7889-san-silvestre-a-guarda hasta el 29 de diciembre. Organiza el Ayuntamiento con la colaboración de NOKO 360.</p>

<!-- This site is optimized with the Yoast SEO plugin v27.5 - https://yoast.com/product/yoast-seo-wordpress/ -->
<title>San Silvestre de A Guarda - cancelado - | Turismo A Guarda</title>
<meta name="robots" content="index, follow, max-snippet:-1, max-image-preview:large, max-video-preview:-1" />
<link rel="canonical" href="https://www.turismoaguarda.es/event/san-silvestre-de-a-guarda/" />
<meta property="og:locale" content="en_US" />
<meta property="og:type" content="article" />
<meta property="og:title" content="San Silvestre de A Guarda - cancelado - | Turismo A Guarda" />
<meta property="og:description" content="Divertida carrera de 4 km para todas las edades con salida y llegada a las 17:00h desde la Plaza de Avelino Vicente. Los niños nacidos antes de 2011 deber ir acompañados por un adulto. Precisa inscripción gratuita en https://www.deporticket.com/web-evento/7889-san-silvestre-a-guarda hasta el 29 de diciembre. Organiza el Ayuntamiento con la colaboración de NOKO 360." />
<meta property="og:url" content="https://www.turismoaguarda.es/event/san-silvestre-de-a-guarda/" />
<meta property="og:site_name" content="Turismo A Guarda" />
<meta property="article:publisher" content="https://es-es.facebook.com/Turismo-A-Guarda-126223240790625/" />
<meta property="article:modified_time" content="2023-02-02T12:36:22+00:00" />
<meta property="og:image" content="https://www.turismoaguarda.es/wp-content/uploads/2022/12/NP-29112022-Abertas-as-inscricions-para-a-San-Silvestre-da-Guarda.jpg" />
	<meta property="og:image:width" content="1240" />
	<meta property="og:image:height" content="1754" />
	<meta property="og:image:type" content="image/jpeg" />
<meta name="twitter:card" content="summary_large_image" />
<meta name="twitter:site" content="@TurismoAGuarda" />
<meta name="twitter:label1" content="Est. reading time" />
	<meta name="twitter:data1" content="1 minute" />
<script type="application/ld+json" class="yoast-schema-graph">{"@context":"https:\/\/schema.org","@graph":[{"@type":"WebPage","@id":"https:\/\/www.turismoaguarda.es\/event\/san-silvestre-de-a-guarda\/","url":"https:\/\/www.turismoaguarda.es\/event\/san-silvestre-de-a-guarda\/","name":"San Silvestre de A Guarda - cancelado - | Turismo A Guarda","isPartOf":{"@id":"https:\/\/www.turismoaguarda.es\/#website"},"primaryImageOfPage":{"@id":"https:\/\/www.turismoaguarda.es\/event\/san-silvestre-de-a-guarda\/#primaryimage"},"image":{"@id":"https:\/\/www.turismoaguarda.es\/event\/san-silvestre-de-a-guarda\/#primaryimage"},"thumbnailUrl":"https:\/\/www.turismoaguarda.es\/wp-content\/uploads\/2022\/12\/NP-29112022-Abertas-as-inscricions-para-a-San-Silvestre-da-Guarda.jpg","datePublished":"2022-12-12T12:25:21+00:00","dateModified":"2023-02-02T12:36:22+00:00","breadcrumb":{"@id":"https:\/\/www.turismoaguarda.es\/event\/san-silvestre-de-a-guarda\/#breadcrumb"},"inLanguage":"en-US","potentialAction":[{"@type":"ReadAction","target":["https:\/\/www.turismoaguarda.es\/event\/san-silvestre-de-a-guarda\/"]}]},{"@type":"ImageObject","inLanguage":"en-US","@id":"https:\/\/www.turismoaguarda.es\/event\/san-silvestre-de-a-guarda\/#primaryimage","url":"https:\/\/www.turismoaguarda.es\/wp-content\/uploads\/2022\/12\/NP-29112022-Abertas-as-inscricions-para-a-San-Silvestre-da-Guarda.jpg","contentUrl":"https:\/\/www.turismoaguarda.es\/wp-content\/uploads\/2022\/12\/NP-29112022-Abertas-as-inscricions-para-a-San-Silvestre-da-Guarda.jpg","width":1240,"height":1754},{"@type":"BreadcrumbList","@id":"https:\/\/www.turismoaguarda.es\/event\/san-silvestre-de-a-guarda\/#breadcrumb","itemListElement":[{"@type":"ListItem","position":1,"name":"Portada","item":"https:\/\/www.turismoaguarda.es\/en\/"},{"@type":"ListItem","position":2,"name":"Events","item":"https:\/\/www.turismoaguarda.es\/en\/events\/"},{"@type":"ListItem","position":3,"name":"San Silvestre de A Guarda &#8211; cancelado &#8211;"}]},{"@type":"WebSite","@id":"https:\/\/www.turismoaguarda.es\/#website","url":"https:\/\/www.turismoaguarda.es\/","name":"Turismo A Guarda","description":"Información turística de A Guarda y alrededores.","potentialAction":[{"@type":"SearchAction","target":{"@type":"EntryPoint","urlTemplate":"https:\/\/www.turismoaguarda.es\/?s={search_term_string}"},"query-input":{"@type":"PropertyValueSpecification","valueRequired":true,"valueName":"search_term_string"}}],"inLanguage":"en-US"}]}</script>
<!-- / Yoast SEO plugin. -->

Divertida carrera de 4 km para todas las edades con salida y llegada a las 17:00h desde la Plaza de Avelino Vicente. Los niños nacidos antes de 2011 deber ir acompañados por un adulto. Precisa inscripción gratuita en https://www.deporticket.com/web-evento/7889-san-silvestre-a-guarda hasta el 29 de diciembre. Organiza el Ayuntamiento con la colaboración de NOKO 360.

Información turística de A Guarda y alrededores.
